-- https://www.phpmyadmin.net/
--
-- Tempo de geração: 20/05/2026 às 20:08
-- Versão do servidor: 8.4.7
-- Versão do PHP: 8.3.28

START TRANSACTION;



--
-- Banco de dados: `adcesp`
--

-- --------------------------------------------------------

--
-- Estrutura para tabela `online`
--

CREATE TABLE IF NOT EXISTS `online` (
  `id` int NOT NULL AUTO_INCREMENT,
  `ip` varchar(20) NOT NULL,
  `tempo` int NOT NULL,
  PRIMARY KEY (`id`)
) ENGINE=MyISAM AUTO_INCREMENT=2 DEFAULT CHARSET=utf8mb3;

--
-- Despejando dados para a tabela `online`
--

INSERT INTO `online` (`id`, `ip`, `tempo`) VALUES
(1, '127.0.0.1', 1779307705);

-- --------------------------------------------------------

--
-- Estrutura para tabela `tb_buscando`
--

CREATE TABLE IF NOT EXISTS `tb_buscando` (
  `id` int NOT NULL AUTO_INCREMENT,
  `palavra` varchar(255) NOT NULL DEFAULT '',
  `data` datetime NOT NULL DEFAULT '0000-00-00 00:00:00',
  `visitas` int NOT NULL DEFAULT '0',
  PRIMARY KEY (`id`)
) ENGINE=MyISAM AUTO_INCREMENT=2 DEFAULT CHARSET=utf8mb3;

--
-- Despejando dados para a tabela `tb_buscando`
--

INSERT INTO `tb_buscando` (`id`, `palavra`, `data`, `visitas`) VALUES
(1, 'acordo de greve', '2026-05-20 11:36:02', 1);

-- --------------------------------------------------------

--
-- Estrutura para tabela `tb_classificados`
--

CREATE TABLE IF NOT EXISTS `tb_classificados` (
  `id` int NOT NULL AUTO_INCREMENT,
  `id_colunista` char(5) NOT NULL,
  `id_cat` char(4) NOT NULL,
  `id_condicao` char(4) NOT NULL,
  `prioridade` varchar(25) NOT NULL,
  `data` datetime NOT NULL DEFAULT '0000-00-00 00:00:00',
  `data2` datetime NOT NULL DEFAULT '0000-00-00 00:00:00',
  `telefone` varchar(200) NOT NULL,
  `preco` varchar(255) NOT NULL,
  `tags` varchar(500) NOT NULL,
  `titulo` varchar(300) NOT NULL,
  `comprar` varchar(500) DEFAULT NULL,
  `texto` text NOT NULL,
  `foto` varchar(255) DEFAULT NULL,
  `descricao` varchar(250) NOT NULL,
  `fotos_extras` enum('S','N') NOT NULL DEFAULT 'N',
  `visitas` bigint NOT NULL DEFAULT '0',
  `video` text NOT NULL,
  `status` enum('S','N') NOT NULL DEFAULT 'S',
  PRIMARY KEY (`id`)
) ENGINE=MyISAM DEFAULT CHARSET=utf8mb3;

-- --------------------------------------------------------

--
-- Estrutura para tabela `tb_classificados_cat`
--

CREATE TABLE IF NOT EXISTS `tb_classificados_cat` (
  `id` int NOT NULL AUTO_INCREMENT,
  `nome` varchar(255) NOT NULL,
  `status` enum('S','N') NOT NULL DEFAULT 'S',
  `cor` varchar(20) NOT NULL,
  `link` varchar(255) NOT NULL,
  `descricao` varchar(255) NOT NULL,
  PRIMARY KEY (`id`)
) ENGINE=MyISAM AUTO_INCREMENT=18 DEFAULT CHARSET=utf8mb3;

--
-- Despejando dados para a tabela `tb_classificados_cat`
--

INSERT INTO `tb_classificados_cat` (`id`, `nome`, `status`, `cor`, `link`, `descricao`) VALUES
(1, 'Móveis', 'S', '#ff1a00', '', ''),
(2, 'Roupas e acessórios', 'S', '#439cdb', '', ''),
(3, 'Informática', 'S', '#ff7800', '', ''),
(5, 'Eletrodomésticos', 'S', '#ff9200', '', ''),
(6, 'Automóveis', 'S', '#f9056d', '', ''),
(7, 'Serviços', 'S', '#f7b924', '', ''),
(11, 'Oportunidades', 'S', '#f9056d', '', ''),
(12, 'Imóveis', 'S', '#794c8a', '', ''),
(13, 'Eletrônicos', 'S', '#0bb198', '', ''),
(15, 'Animais', 'S', '#000000', '', ''),
(16, 'Supermercado', 'S', '#000000', '', ''),
(17, 'Outros', 'S', '#ce9241', '', '');

-- --------------------------------------------------------

--
-- Estrutura para tabela `tb_classificados_condicao`
--

CREATE TABLE IF NOT EXISTS `tb_classificados_condicao` (
  `id` int NOT NULL AUTO_INCREMENT,
  `nome` varchar(255) NOT NULL,
  `status` enum('S','N') NOT NULL DEFAULT 'S',
  `cor` varchar(20) NOT NULL,
  `link` varchar(255) NOT NULL,
  `descricao` varchar(255) NOT NULL,
  PRIMARY KEY (`id`)
) ENGINE=MyISAM AUTO_INCREMENT=3 DEFAULT CHARSET=utf8mb3;

--
-- Despejando dados para a tabela `tb_classificados_condicao`
--

INSERT INTO `tb_classificados_condicao` (`id`, `nome`, `status`, `cor`, `link`, `descricao`) VALUES
(1, 'Novo', 'S', '#ff1a00', '', ''),
(2, 'Usado', 'S', '#439cdb', '', '');

-- --------------------------------------------------------

--
-- Estrutura para tabela `tb_config`
--

CREATE TABLE IF NOT EXISTS `tb_config` (
  `id` int NOT NULL AUTO_INCREMENT,
  `foto` varchar(255) DEFAULT NULL,
  `manutencao` char(5) DEFAULT NULL,
  `aviso` text NOT NULL,
  `tsite` varchar(1000) NOT NULL,
  `usite` varchar(1000) NOT NULL,
  `cidade` varchar(100) NOT NULL,
  `email` varchar(255) NOT NULL DEFAULT '',
  `layout` varchar(60) NOT NULL,
  `description` varchar(1000) NOT NULL,
  `expediente` varchar(1000) NOT NULL,
  `keywords` varchar(1000) NOT NULL,
  `analytics` varchar(255) NOT NULL,
  `fonte` varchar(100) NOT NULL,
  `qts_registros_pagina` char(4) NOT NULL DEFAULT '4',
  `nome_editor` varchar(255) NOT NULL,
  `nome_president` varchar(255) NOT NULL,
  `telefone_editor` varchar(255) NOT NULL,
  `telefone_president` varchar(255) NOT NULL,
  `unidades` varchar(1000) NOT NULL,
  `anos` char(4) NOT NULL,
  `enquete` char(4) NOT NULL,
  `servidores` varchar(1000) NOT NULL,
  `copyright` varchar(5) NOT NULL,
  `ligacoes` char(5) DEFAULT NULL,
  `blogs` char(5) DEFAULT NULL,
  `municipios` char(5) DEFAULT NULL,
  `videos` char(5) DEFAULT NULL,
  `facebook` varchar(255) NOT NULL,
  `twitter` varchar(255) NOT NULL,
  `instagram` varchar(255) NOT NULL,
  `instawidget` blob NOT NULL,
  `youtube` varchar(255) NOT NULL,
  `telefone` varchar(255) NOT NULL,
  `whatsapp` varchar(255) NOT NULL,
  `groupp` varchar(255) NOT NULL,
  `cod_cidade` varchar(500) NOT NULL,
  `segundavia` varchar(500) NOT NULL,
  `hora1a` varchar(6) NOT NULL,
  `hora1b` varchar(6) NOT NULL,
  `hora1c` varchar(6) NOT NULL,
  `hora1d` varchar(6) NOT NULL,
  `hora2a` varchar(6) NOT NULL,
  `hora2b` varchar(6) NOT NULL,
  `hora2c` varchar(6) NOT NULL,
  `hora2d` varchar(6) NOT NULL,
  `site` varchar(1500) NOT NULL,
  `secreta` varchar(1500) NOT NULL,
  `datas` char(4) DEFAULT NULL,
  `slide` varchar(15) NOT NULL,
  `cor1` varchar(15) NOT NULL,
  `cor2` varchar(15) NOT NULL,
  `noticias` varchar(15) NOT NULL,
  `esportes` varchar(15) NOT NULL,
  `entretenimento` varchar(15) NOT NULL,
  `municipioscor` varchar(15) NOT NULL,
  `colunistas` varchar(15) NOT NULL,
  `videoscor` varchar(15) NOT NULL,
  `radio` blob NOT NULL,
  `radio2` blob NOT NULL,
  `studio` blob NOT NULL,
  PRIMARY KEY (`id`)
) ENGINE=MyISAM AUTO_INCREMENT=2 DEFAULT CHARSET=utf8mb3;

--
-- Despejando dados para a tabela `tb_config`
--

INSERT INTO `tb_config` (`id`, `foto`, `manutencao`, `aviso`, `tsite`, `usite`, `cidade`, `email`, `layout`, `description`, `expediente`, `keywords`, `analytics`, `fonte`, `qts_registros_pagina`, `nome_editor`, `nome_president`, `telefone_editor`, `telefone_president`, `unidades`, `anos`, `enquete`, `servidores`, `copyright`, `ligacoes`, `blogs`, `municipios`, `videos`, `facebook`, `twitter`, `instagram`, `instawidget`, `youtube`, `telefone`, `whatsapp`, `groupp`, `cod_cidade`, `segundavia`, `hora1a`, `hora1b`, `hora1c`, `hora1d`, `hora2a`, `hora2b`, `hora2c`, `hora2d`, `site`, `secreta`, `datas`, `slide`, `cor1`, `cor2`, `noticias`, `esportes`, `entretenimento`, `municipioscor`, `colunistas`, `videoscor`, `radio`, `radio2`, `studio`) VALUES
(1, '1779116727_6a0b2ab71a7aa4.68373501.png', '', '<p><strong>&quot;Estamos realizando melhorias em nosso site para servi-lo ainda melhor. Em breve, estaremos de volta! Agradecemos pela sua paci&ecirc;ncia.&quot;</strong></p>\r\n\r\n<p>Entre em contato conosco em caso de urg&ecirc;ncia:</p>\r\n\r\n<p>Telefone:<em>&nbsp;(00) 0 0000-0000</em></p>\r\n\r\n<p>Email: seuemail@hotmail.com</p>\r\n\r\n<p><!--? echo $dados[\'aviso\'] ?? \'\'?--></p>\r\n', 'ADCESP -  Associação dos Docentes da UESPI', '', 'Teresina', 'adcesp@gmail.com', '', 'Filie-se à ADCESP! Associação de Docentes da Universidade Estadual do Piauí.', '', 'ADCESP,UESPI,Associação dos Docentes,Docentes,filie-se,associação,diretoria,estatuto,notícias,galerias,fotos,vídeos', 'G-YC87LBKBZ8', 'Poppins', '15', 'ADCESP', '', '(86) 3213-2300', '', '15', '', '', 'Rua João Cabral, 2231 - Bairro Pirajá, Teresina - PI (CEP: 64.002-150)', '2019', '', '', '', '1', 'https://www.facebook.com/p/Adcesp-Uespi-100066721507789/', 'https://mobile.twitter.com/adcesp/', 'https://www.instagram.com/adcesp/', '', 'https://www.youtube.com/@TVADCESP', '(86) 3213-2300', '(86) 98876-0200', 'https://chat.whatsapp.com', 'PI', '3', '08:00', '12:00', '14:00', '18:00', '08:00', '12:00', '', '', '6Lfee40aAAAAAFW25ELPb5MwoziYX94PZtN_YKkl', '6Lfee40aAAAAAH7nuxbiLTKBEfYgu9-j71HRO4Ps', '1', '3', '#2b82da', '#2b82da', '', '', '', '', '', '', '', '', '');

-- --------------------------------------------------------

--
-- Estrutura para tabela `tb_config2_cat`
--

CREATE TABLE IF NOT EXISTS `tb_config2_cat` (
  `id` int NOT NULL AUTO_INCREMENT,
  `nome` varchar(255) NOT NULL DEFAULT '',
  `status` enum('S','N') NOT NULL DEFAULT 'S',
  PRIMARY KEY (`id`),
  UNIQUE KEY `id` (`id`)
) ENGINE=MyISAM AUTO_INCREMENT=15 DEFAULT CHARSET=utf8mb3;

--
-- Despejando dados para a tabela `tb_config2_cat`
--

INSERT INTO `tb_config2_cat` (`id`, `nome`, `status`) VALUES
(1, '/* verde claro  */ #94be30', 'S'),
(2, '/* azul escuro */ #256dc1', 'S'),
(3, '/* verde escuro */ #008000', 'S'),
(4, '/* preto */ #2e2e2e', 'S'),
(5, '/* vermelho escuro */ #b4010d', 'S'),
(6, '/* lilás */ #6856c9', 'S'),
(7, '/* laranja */ #ff8000', 'S'),
(8, '/* rosa */ #fd77c0', 'S'),
(9, '/* amarelo-ouro */ #f5a612', 'S'),
(10, '/* azul claro */ #6bb7e2', 'S'),
(11, '/* bronze */ #A67D3D', 'S'),
(12, '/* firebrick */ #8E2323', 'S'),
(13, '/* vermelho alaranjado */ #f42604', 'S'),
(14, '/* castanho escuro */ #5C4033', 'S');

-- --------------------------------------------------------

--
-- Estrutura para tabela `tb_config2_font`
--

CREATE TABLE IF NOT EXISTS `tb_config2_font` (
  `id` int NOT NULL AUTO_INCREMENT,
  `nome` varchar(255) NOT NULL DEFAULT '',
  `status` enum('S','N') NOT NULL DEFAULT 'S',
  PRIMARY KEY (`id`),
  UNIQUE KEY `id` (`id`)
) ENGINE=MyISAM AUTO_INCREMENT=11 DEFAULT CHARSET=utf8mb3;

--
-- Despejando dados para a tabela `tb_config2_font`
--

INSERT INTO `tb_config2_font` (`id`, `nome`, `status`) VALUES
(1, 'Roboto Slab', 'S'),
(2, 'Roboto', 'S'),
(3, 'Montserrat', 'S'),
(4, 'Open Sans', 'S'),
(5, 'Arial', 'S'),
(6, 'PT Sans Narrow', 'S'),
(7, 'Slabo 27px', 'S'),
(8, 'Ubuntu', 'S'),
(9, '\'Anton\', sans-serif', 'S'),
(10, '\'Work Sans\', sans-serif', 'S');

-- --------------------------------------------------------

--
-- Estrutura para tabela `tb_conteudos`
--

CREATE TABLE IF NOT EXISTS `tb_conteudos` (
  `id` int NOT NULL AUTO_INCREMENT,
  `nome` varchar(255) NOT NULL DEFAULT '',
  `texto` blob NOT NULL,
  `status` enum('S','N') NOT NULL DEFAULT 'S',
  PRIMARY KEY (`id`)
) ENGINE=MyISAM AUTO_INCREMENT=13 DEFAULT CHARSET=utf8mb3;

--
-- Despejando dados para a tabela `tb_conteudos`
--

INSERT INTO `tb_conteudos` (`id`, `nome`, `texto`, `status`) VALUES
(1, 'Histórico', 0x[BLOB], 'S'),
(2, 'Diretoria', 0x[BLOB], 'S'),
(3, 'Estatuto', '', 'S'),
(4, 'Jurídico', '', 'S'),
(5, 'SESC', '', 'S'),
(6, 'Espaço de lazer', '', 'S'),
(7, 'Plano de saúde', '', 'S'),
(8, 'Diretorias anteriores', '', 'S'),
(9, 'Coordenações Regionais', 0x[BLOB], 'S'),
(10, 'Coordenação Estadual', 0x[BLOB], 'S'),
(11, 'Eleições', 0x[BLOB], 'S'),
(12, 'Filie-se', 0x[BLOB], 'S');

-- --------------------------------------------------------

--
-- Estrutura para tabela `tb_diretorias`
--

CREATE TABLE IF NOT EXISTS `tb_diretorias` (
  `id` int NOT NULL AUTO_INCREMENT,
  `titulo` longtext NOT NULL,
  `subtitulo` longtext,
  `foto` varchar(255) NOT NULL,
  `ordem` int NOT NULL,
  `status` enum('S','N') NOT NULL DEFAULT 'S',
  PRIMARY KEY (`id`)
) ENGINE=MyISAM DEFAULT CHARSET=utf8mb3;

-- --------------------------------------------------------

--
-- Estrutura para tabela `tb_downloads`
--

CREATE TABLE IF NOT EXISTS `tb_downloads` (
  `id` int NOT NULL AUTO_INCREMENT,
  `id_cat` char(4) NOT NULL DEFAULT '0',
  `titulo` longtext NOT NULL,
  `subtitulo` longtext,
  `foto` varchar(255) NOT NULL,
  `ordem` int NOT NULL,
  `status` enum('S','N') NOT NULL DEFAULT 'S',
  PRIMARY KEY (`id`)
) ENGINE=MyISAM DEFAULT CHARSET=utf8mb3;

-- --------------------------------------------------------

--
-- Estrutura para tabela `tb_downloads_cat`
--

CREATE TABLE IF NOT EXISTS `tb_downloads_cat` (
  `id` int NOT NULL AUTO_INCREMENT,
  `nome` varchar(255) NOT NULL,
  `status` enum('S','N') NOT NULL DEFAULT 'S',
  `cor` varchar(20) NOT NULL,
  `link` varchar(255) NOT NULL,
  `descricao` varchar(255) NOT NULL,
  PRIMARY KEY (`id`)
) ENGINE=MyISAM DEFAULT CHARSET=utf8mb3;

-- --------------------------------------------------------

--
-- Estrutura para tabela `tb_empregos`
--

CREATE TABLE IF NOT EXISTS `tb_empregos` (
  `id` int NOT NULL AUTO_INCREMENT,
  `id_colunista` char(5) NOT NULL,
  `id_cat` char(4) NOT NULL,
  `id_condicao` char(4) NOT NULL,
  `prioridade` varchar(25) NOT NULL,
  `data` datetime NOT NULL DEFAULT '0000-00-00 00:00:00',
  `data2` datetime NOT NULL DEFAULT '0000-00-00 00:00:00',
  `telefone` varchar(200) NOT NULL,
  `preco` varchar(255) NOT NULL,
  `tags` varchar(500) NOT NULL,
  `titulo` varchar(300) NOT NULL,
  `comprar` varchar(500) DEFAULT NULL,
  `texto` text NOT NULL,
  `foto` varchar(255) DEFAULT NULL,
  `descricao` varchar(250) NOT NULL,
  `fotos_extras` enum('S','N') NOT NULL DEFAULT 'N',
  `visitas` bigint NOT NULL DEFAULT '0',
  `video` text NOT NULL,
  `status` enum('S','N') NOT NULL DEFAULT 'S',
  PRIMARY KEY (`id`)
) ENGINE=MyISAM DEFAULT CHARSET=utf8mb3;

-- --------------------------------------------------------

--
-- Estrutura para tabela `tb_empregos_cat`
--

CREATE TABLE IF NOT EXISTS `tb_empregos_cat` (
  `id` int NOT NULL AUTO_INCREMENT,
  `nome` varchar(255) NOT NULL,
  `status` enum('S','N') NOT NULL DEFAULT 'S',
  `cor` varchar(20) NOT NULL,
  `link` varchar(255) NOT NULL,
  `descricao` varchar(255) NOT NULL,
  PRIMARY KEY (`id`)
) ENGINE=MyISAM AUTO_INCREMENT=3 DEFAULT CHARSET=utf8mb3;

--
-- Despejando dados para a tabela `tb_empregos_cat`
--

INSERT INTO `tb_empregos_cat` (`id`, `nome`, `status`, `cor`, `link`, `descricao`) VALUES
(1, 'Vagas de emprego', 'S', '#ff1a00', '', ''),
(2, 'Procuro emprego', 'S', '#439cdb', '', '');

-- --------------------------------------------------------

--
-- Estrutura para tabela `tb_enquetes`
--

CREATE TABLE IF NOT EXISTS `tb_enquetes` (
  `id` int NOT NULL AUTO_INCREMENT,
  `questao` varchar(255) NOT NULL DEFAULT '',
  `status` enum('S','N') NOT NULL DEFAULT 'S',
  PRIMARY KEY (`id`)
) ENGINE=MyISAM AUTO_INCREMENT=2 DEFAULT CHARSET=utf8mb3;

--
-- Despejando dados para a tabela `tb_enquetes`
--

INSERT INTO `tb_enquetes` (`id`, `questao`, `status`) VALUES
(1, 'Qual é o fator que mais tem causado desgaste na sua rotina docente atualmente?', 'S');

-- --------------------------------------------------------

--
-- Estrutura para tabela `tb_enquetes_ip`
--

CREATE TABLE IF NOT EXISTS `tb_enquetes_ip` (
  `id` int NOT NULL AUTO_INCREMENT,
  `enquete_id` int NOT NULL DEFAULT '0',
  `ip_addr` varchar(15) NOT NULL DEFAULT '',
  `data` timestamp NOT NULL DEFAULT CURRENT_TIMESTAMP ON UPDATE CURRENT_TIMESTAMP,
  PRIMARY KEY (`id`)
) ENGINE=MyISAM DEFAULT CHARSET=utf8mb3;

-- --------------------------------------------------------

--
-- Estrutura para tabela `tb_enquetes_opcoes`
--

CREATE TABLE IF NOT EXISTS `tb_enquetes_opcoes` (
  `id` int NOT NULL AUTO_INCREMENT,
  `enquete_id` varchar(9) NOT NULL DEFAULT '',
  `opcao_id` int NOT NULL DEFAULT '0',
  `opcao_texto` varchar(100) NOT NULL DEFAULT '',
  `votos` int NOT NULL DEFAULT '0',
  PRIMARY KEY (`id`)
) ENGINE=MyISAM AUTO_INCREMENT=6 DEFAULT CHARSET=utf8mb3;

--
-- Despejando dados para a tabela `tb_enquetes_opcoes`
--

INSERT INTO `tb_enquetes_opcoes` (`id`, `enquete_id`, `opcao_id`, `opcao_texto`, `votos`) VALUES
(1, '1', 1, 'Sobrecarga de atividades administrativas', 4),
(2, '1', 2, 'Quantidade excessiva de alunos por turma', 2),
(3, '1', 3, 'Falta de infraestrutura ou materiais pedagógicos', 6),
(4, '1', 4, 'Cobrança excessiva por metas e prazos', 1),
(5, '1', 5, 'Problemas nas relações interpessoais ou assédio', 1);

-- --------------------------------------------------------

--
-- Estrutura para tabela `tb_guias`
--

CREATE TABLE IF NOT EXISTS `tb_guias` (
  `id` int NOT NULL AUTO_INCREMENT,
  `id_colunista` char(5) NOT NULL,
  `id_cat` char(4) NOT NULL,
  `id_condicao` char(4) NOT NULL,
  `prioridade` varchar(25) NOT NULL,
  `data` datetime NOT NULL DEFAULT '0000-00-00 00:00:00',
  `data2` datetime NOT NULL DEFAULT '0000-00-00 00:00:00',
  `telefone` varchar(200) NOT NULL,
  `preco` varchar(255) NOT NULL,
  `tags` varchar(500) NOT NULL,
  `titulo` varchar(300) NOT NULL,
  `comprar` varchar(500) DEFAULT NULL,
  `texto` text NOT NULL,
  `foto` varchar(255) DEFAULT NULL,
  `descricao` varchar(250) NOT NULL,
  `fotos_extras` enum('S','N') NOT NULL DEFAULT 'N',
  `visitas` bigint NOT NULL DEFAULT '0',
  `video` text NOT NULL,
  `status` enum('S','N') NOT NULL DEFAULT 'S',
  PRIMARY KEY (`id`)
) ENGINE=MyISAM DEFAULT CHARSET=utf8mb3;

-- --------------------------------------------------------

--
-- Estrutura para tabela `tb_guias_cat`
--

CREATE TABLE IF NOT EXISTS `tb_guias_cat` (
  `id` int NOT NULL AUTO_INCREMENT,
  `nome` varchar(255) NOT NULL,
  `status` enum('S','N') NOT NULL DEFAULT 'S',
  `cor` varchar(20) NOT NULL,
  `link` varchar(255) NOT NULL,
  `descricao` varchar(255) NOT NULL,
  PRIMARY KEY (`id`)
) ENGINE=MyISAM AUTO_INCREMENT=21 DEFAULT CHARSET=utf8mb3;

--
-- Despejando dados para a tabela `tb_guias_cat`
--

INSERT INTO `tb_guias_cat` (`id`, `nome`, `status`, `cor`, `link`, `descricao`) VALUES
(1, 'Bares, Turismo & Hotéis', 'S', '#ff1a00', '', ''),
(2, 'Alimentos & Bebidas', 'S', '#439cdb', '', ''),
(3, 'Saúde & Bem Estar', 'S', '#ff7800', '', ''),
(5, 'Disk Delivery', 'S', '#ff9200', '', ''),
(6, 'Construção & Decoração', 'S', '#f9056d', '', ''),
(7, 'Eventos & Festas', 'S', '#f7b924', '', ''),
(8, 'Esporte & Lazer', 'S', '#f9056d', '', ''),
(9, 'Veículos', 'S', '#794c8a', '', ''),
(10, 'Moda & Estilo', 'S', '#0bb198', '', ''),
(11, 'Informática & Escritório', 'S', '#000000', '', ''),
(12, 'Educação & Cultura', 'S', '#000000', '', ''),
(13, 'Serviços & Profissionais', 'S', '#ce9241', '', ''),
(14, 'Igrejas', 'S', '#ff1a00', '', ''),
(15, 'Fretes & Transportes', 'S', '#439cdb', '', ''),
(16, 'Móveis & Eletro', 'S', '#ff7800', '', ''),
(17, 'Indústrias e Ferragens', 'S', '#ff9200', '', ''),
(18, 'Mídia & Publicidade', 'S', '#f9056d', '', ''),
(19, 'Variedades', 'S', '#f7b924', '', ''),
(20, 'Outros', 'S', '#f9056d', '', '');

-- --------------------------------------------------------

--
-- Estrutura para tabela `tb_informativos`
--

CREATE TABLE IF NOT EXISTS `tb_informativos` (
  `id` int NOT NULL AUTO_INCREMENT,
  `titulo` longtext NOT NULL,
  `subtitulo` longtext,
  `foto` varchar(255) NOT NULL,
  `status` enum('S','N') NOT NULL DEFAULT 'S',
  PRIMARY KEY (`id`)
) ENGINE=MyISAM DEFAULT CHARSET=utf8mb3;

-- --------------------------------------------------------

--
-- Estrutura para tabela `tb_licitacoes`
--

CREATE TABLE IF NOT EXISTS `tb_licitacoes` (
  `id` int NOT NULL AUTO_INCREMENT,
  `id_colunista` char(4) NOT NULL,
  `id_cat` char(4) NOT NULL,
  `prioridade` varchar(25) NOT NULL DEFAULT '0',
  `data` datetime NOT NULL DEFAULT '0000-00-00 00:00:00',
  `data2` datetime NOT NULL DEFAULT '0000-00-00 00:00:00',
  `postador` longtext NOT NULL,
  `chapeu` varchar(255) NOT NULL,
  `tags` varchar(500) NOT NULL,
  `titulo` longtext NOT NULL,
  `subtitulo` longtext,
  `texto` mediumtext NOT NULL,
  `foto` varchar(255) NOT NULL,
  `descricao` longtext NOT NULL,
  `fotos_extras` enum('S','N') NOT NULL DEFAULT 'N',
  `alinhamento_foto` enum('L','R') NOT NULL DEFAULT 'L',
  `largura_foto` char(3) NOT NULL DEFAULT '250',
  `altura_foto` char(3) NOT NULL DEFAULT '',
  `visitas` int NOT NULL,
  `video` varchar(500) NOT NULL,
  `status` enum('S','N') NOT NULL DEFAULT 'S',
  PRIMARY KEY (`id`)
) ENGINE=MyISAM DEFAULT CHARSET=utf8mb3;

-- --------------------------------------------------------

--
-- Estrutura para tabela `tb_licitacoes_cat`
--

CREATE TABLE IF NOT EXISTS `tb_licitacoes_cat` (
  `id` int NOT NULL AUTO_INCREMENT,
  `nome` varchar(255) NOT NULL,
  `status` enum('S','N') NOT NULL DEFAULT 'S',
  `cor` varchar(20) NOT NULL,
  `link` varchar(255) NOT NULL,
  `descricao` varchar(255) NOT NULL,
  PRIMARY KEY (`id`)
) ENGINE=MyISAM DEFAULT CHARSET=utf8mb3;

-- --------------------------------------------------------

--
-- Estrutura para tabela `tb_links`
--

CREATE TABLE IF NOT EXISTS `tb_links` (
  `id` int NOT NULL AUTO_INCREMENT,
  `id_cat` char(4) NOT NULL DEFAULT '0',
  `titulo` longtext NOT NULL,
  `subtitulo` longtext,
  `foto` varchar(255) NOT NULL,
  `icone` varchar(300) NOT NULL,
  `url` varchar(500) NOT NULL,
  `ordem` int NOT NULL,
  `status` enum('S','N') NOT NULL DEFAULT 'S',
  PRIMARY KEY (`id`)
) ENGINE=MyISAM DEFAULT CHARSET=utf8mb3;

-- --------------------------------------------------------

--
-- Estrutura para tabela `tb_logos`
--

CREATE TABLE IF NOT EXISTS `tb_logos` (
  `id` mediumint UNSIGNED NOT NULL AUTO_INCREMENT,
  `logomarca` varchar(255) DEFAULT NULL,
  `favicon` varchar(255) DEFAULT NULL,
  `facebook` varchar(255) DEFAULT NULL,
  `status` enum('S','N') NOT NULL DEFAULT 'S',
  PRIMARY KEY (`id`)
) ENGINE=MyISAM AUTO_INCREMENT=2 DEFAULT CHARSET=utf8mb3;

--
-- Despejando dados para a tabela `tb_logos`
--

INSERT INTO `tb_logos` (`id`, `logomarca`, `favicon`, `facebook`, `status`) VALUES
(1, '1779116620_6a0b2a4c2bbdb7.58286375.png', '1779116727_6a0b2ab71a7aa4.68373501.png', '1779116786_6a0b2af279a779.45426313.jpg', 'S');

-- --------------------------------------------------------

--
-- Estrutura para tabela `tb_menu`
--

CREATE TABLE IF NOT EXISTS `tb_menu` (
  `id` int NOT NULL,
  `nome` varchar(50) NOT NULL,
  `icon` varchar(255) NOT NULL,
  `subcat` enum('S','N') NOT NULL DEFAULT 'S',
  `target` varchar(15) NOT NULL DEFAULT '_top',
  `nivel` char(2) NOT NULL DEFAULT '',
  `status` enum('S','N') NOT NULL DEFAULT 'S',
  PRIMARY KEY (`id`)
) ENGINE=MyISAM DEFAULT CHARSET=utf8mb3;

--
-- Despejando dados para a tabela `tb_menu`
--

INSERT INTO `tb_menu` (`id`, `nome`, `icon`, `subcat`, `target`, `nivel`, `status`) VALUES
(1, 'Páginas', 'bi bi-file-earmark-richtext-fill', 'S', '_top', '1', 'S'),
(2, 'Notícias', 'bi bi-newspaper', 'S', '_top', '1', 'S'),
(3, 'Equipe', 'fa fa-users', 'S', '_top', '1', 'N'),
(4, 'Informativos técnicos', 'fa fa-file-pdf', 'S', '_top', '1', 'N'),
(6, 'Mais tocadas', 'fa fa-download', 'S', '_top', '1', 'N'),
(9, 'Banners', 'bi bi-megaphone', 'S', '_top', '1', 'S'),
(11, 'Configurações', 'bi bi-gear', 'S', '_top', '1', 'S'),
(12, 'Estatísticas', 'bi bi-bar-chart', 'S', '_top', '1', 'S'),
(13, 'Usuários', 'bi bi-person-lines-fill', 'S', '_top', '1', 'S'),
(7, 'Comentários', 'bi bi-chat-dots-fill', 'S', '_top', '1', 'S'),
(15, 'Assinantes', 'fa fa-users', 'S', '_top', '1', 'N'),
(14, 'Links úteis', 'fa fa-link ', 'S', '_top', '1', 'S'),
(16, 'Tutoriais em ví­deos', 'fa fa-film', 'S', '_top', '1', 'N'),
(8, 'Vídeos', 'bi bi-film', 'S', '_top', '1', 'S'),
(10, 'Enquetes', 'fa fa-list-alt', 'S', '_top', '1', 'S'),
(5, 'Blogueiros', 'fa fa-user', 'S', '_top', '1', 'S'),
(17, 'Newsletters', 'fa fa-envelope', 'S', '_top', '1', 'N'),
(18, 'Enquetes', 'fa fa-list-alt ', 'S', '_top', '1', 'S'),
(19, 'Legislação', 'fa fa-download', 'S', '_top', '1', 'N'),
(20, 'Símbolos Municipais', 'fa fa-download', 'S', '_top', '1', 'N'),
(21, 'Banners/links', 'fa fa-link', 'S', '_top', '1', 'N'),
(22, 'Acessos ao painel', 'fa fa-lock', 'S', '_top', '1', 'S'),
(23, 'apague', 'fa fa-lock', 'S', '_top', '1', 'N');

-- --------------------------------------------------------

--
-- Estrutura para tabela `tb_menu_sub`
--

CREATE TABLE IF NOT EXISTS `tb_menu_sub` (
  `id` int NOT NULL DEFAULT '0',
  `id_menu` varchar(25) NOT NULL DEFAULT '',
  `nome` varchar(30) NOT NULL DEFAULT '',
  `url` varchar(255) NOT NULL DEFAULT '',
  `target` varchar(15) NOT NULL DEFAULT '_top',
  `nivel` char(2) NOT NULL DEFAULT '',
  PRIMARY KEY (`id`)
) ENGINE=MyISAM DEFAULT CHARSET=utf8mb3;

--
-- Despejando dados para a tabela `tb_menu_sub`
--

INSERT INTO `tb_menu_sub` (`id`, `id_menu`, `nome`, `url`, `target`, `nivel`) VALUES
(2, '2', 'Cadastrar postagem', '?pg=noticias', '_self', '1'),
(32, '2', 'Listar postagens', '?pg=noticias_listar', '_top', '1'),
(14, '4', 'Cadastrar informativos', '?pg=informativos', '_top', '1'),
(15, '5', 'Cadastrar postagem', '?pg=blogs', '_top', '1'),
(45, '4', 'Listar informativos', '?pg=informativos_listar', '_top', '1'),
(17, '3', 'Cadastrar', '?pg=diretorias', '_top', '1'),
(25, '9', 'Cadastrar', '?pg=publicidades', '_top', '1'),
(26, '13', 'Administrar', '?pg=users', '_top', '1'),
(27, '11', 'Administrar', '?pg=configurar&pag=form&id=1', '_top', '1'),
(29, '12', 'Relatório de visitas', '?pg=estatisticas', '_top', '1'),
(30, '6', 'Cadastrar', '?pg=downloads', '_top', '1'),
(41, '1', 'Administrar', '?pg=conteudos_listar', '_top', '1'),
(35, '9', 'Listar', '?pg=publicidades_listar', '_top', '1'),
(37, '15', 'Cadastro ou Liberação', '?pg=assinantes', '_top', '1'),
(38, '3', 'Listar', '?pg=diretorias_listar', '_top', '1'),
(67, '14', 'Editar', '?pg=links_listar', '_self', '1'),
(66, '14', 'Cadastrar', '?pg=links', '_self', '1'),
(42, '6', 'Listar', '?pg=downloads_listar', '_top', '1'),
(43, '7', 'Listar', '?pg=mural_listar', '_top', '1'),
(44, '16', 'Assistir tutoriais', '?pg=tutoriais', '_top', '1'),
(46, '8', 'Cadastrar vídeos', '?pg=videos', '_top', '1'),
(47, '8', 'Listar vídeos', '?pg=videos_listar', '_top', '1'),
(50, '2', 'Mais acessadas', '?pg=noticias_acessos', '_top', '1'),
(51, '5', 'Listar postagens', '?pg=blogs_listar', '_top', '1'),
(64, '12', 'Ranking de acessos (meses)', '?pg=ranking', '_self', '1'),
(54, '17', 'E-mails cadastrados', '?pg=newsletter_emails', '_top', '1'),
(53, '17', 'Enviar newsletters', '?pg=newsletter', '_top', '1'),
(55, '18', 'Administrar', '?pg=enquetes', '_top', '1'),
(56, '11', 'Logomarcas', '?pg=logos&acao=FORM&id=1', '_top', '1'),
(57, '19', 'Cadastrar', '?pg=legislacao', '_top', '1'),
(58, '19', 'Listar', '?pg=legislacao_listar', '_top', '1'),
(59, '20', 'Cadastrar', '?pg=convencoes', '_top', '1'),
(60, '20', 'Listar', '?pg=convencoes_listar', '_top', '1'),
(62, '21', 'Listar', '?pg=links_listar', '_top', '1'),
(61, '21', 'Cadastrar', '?pg=links', '_top', '1'),
(63, '22', 'Listar', '?pg=acessos', '_self', '1'),
(65, '10', 'Cadastrar', '?pg=enquetes', '_self', '1');

-- --------------------------------------------------------

--
-- Estrutura para tabela `tb_mural`
--

CREATE TABLE IF NOT EXISTS `tb_mural` (
  `id` int NOT NULL AUTO_INCREMENT,
  `postid` int NOT NULL,
  `nome` varchar(255) NOT NULL,
  `email` longtext NOT NULL,
  `depoimento` mediumtext,
  `url` varchar(500) NOT NULL,
  `foto` varchar(255) NOT NULL,
  `ip` varchar(255) NOT NULL DEFAULT '',
  `data` datetime NOT NULL DEFAULT '0000-00-00 00:00:00',
  `data2` datetime NOT NULL DEFAULT '0000-00-00 00:00:00',
  `status` enum('S','N') NOT NULL DEFAULT 'N',
  PRIMARY KEY (`id`)
) ENGINE=MyISAM DEFAULT CHARSET=utf8mb3;

-- --------------------------------------------------------

--
-- Estrutura para tabela `tb_noticias`
--

CREATE TABLE IF NOT EXISTS `tb_noticias` (
  `id` int NOT NULL AUTO_INCREMENT,
  `id_colunista` text NOT NULL,
  `id_cat` char(4) NOT NULL,
  `id_mun` char(4) CHARACTER SET latin1 COLLATE latin1_general_ci NOT NULL,
  `prioridade` varchar(25) NOT NULL,
  `prioridade1` varchar(25) NOT NULL,
  `prioridade2` varchar(25) NOT NULL,
  `prioridade3` varchar(25) NOT NULL,
  `prioridade4` varchar(25) NOT NULL,
  `prioridade5` varchar(25) NOT NULL,
  `prioridade6` varchar(25) NOT NULL,
  `prioridade7` varchar(25) NOT NULL,
  `prioridade8` varchar(25) NOT NULL,
  `prioridade9` varchar(25) NOT NULL,
  `prioridade10` varchar(25) NOT NULL,
  `prioridade11` varchar(25) NOT NULL,
  `prioridade12` varchar(25) NOT NULL,
  `fdestaque` enum('S','N') NOT NULL DEFAULT 'S',
  `data` datetime NOT NULL DEFAULT '0000-00-00 00:00:00',
  `data2` datetime NOT NULL DEFAULT '0000-00-00 00:00:00',
  `postador` varchar(180) NOT NULL,
  `chapeu` varchar(255) NOT NULL,
  `tags` varchar(500) NOT NULL,
  `titulo` text NOT NULL,
  `subtitulo` text,
  `texto` text NOT NULL,
  `foto` varchar(255) DEFAULT NULL,
  `descricao` varchar(300) CHARACTER SET latin1 COLLATE latin1_spanish_ci NOT NULL,
  `fotos_extras` enum('S','N') NOT NULL DEFAULT 'N',
  `alinhamento_foto` enum('L','R') NOT NULL DEFAULT 'L',
  `largura_foto` char(3) NOT NULL DEFAULT '250',
  `altura_foto` char(3) NOT NULL DEFAULT '',
  `visitas` int NOT NULL,
  `video` text NOT NULL,
  `awesome` int NOT NULL DEFAULT '0',
  `good` int NOT NULL DEFAULT '0',
  `ok` int NOT NULL DEFAULT '0',
  `not_good` int NOT NULL DEFAULT '0',
  `fail` int NOT NULL DEFAULT '0',
  `happy` int NOT NULL DEFAULT '0',
  `status` enum('S','N') NOT NULL DEFAULT 'S',
  PRIMARY KEY (`id`),
  UNIQUE KEY `id` (`id`)
) ENGINE=MyISAM AUTO_INCREMENT=14 DEFAULT CHARSET=latin1;

--
-- Despejando dados para a tabela `tb_noticias`
--

INSERT INTO `tb_noticias` (`id`, `id_colunista`, `id_cat`, `id_mun`, `prioridade`, `prioridade1`, `prioridade2`, `prioridade3`, `prioridade4`, `prioridade5`, `prioridade6`, `prioridade7`, `prioridade8`, `prioridade9`, `prioridade10`, `prioridade11`, `prioridade12`, `fdestaque`, `data`, `data2`, `postador`, `chapeu`, `tags`, `titulo`, `subtitulo`, `texto`, `foto`, `descricao`, `fotos_extras`, `alinhamento_foto`, `largura_foto`, `altura_foto`, `visitas`, `video`, `awesome`, `good`, `ok`, `not_good`, `fail`, `happy`, `status`) VALUES
(1, '7,1', '24', '', '0', 'S', '0', '0', '0', '0', '0', '0', '0', '0', '0', '0', '0', 'S', '2026-05-20 11:18:32', '2026-05-20 12:09:20', 'Luan Matheus', 'GREVE', '', 'Em reunião com a reitoria, ADCESP debate pontos do acordo de greve', '', '&lt;p style=&quot;text-align: justify;&quot;&gt;Aconteceu, na &amp;uacute;ltima ter&amp;ccedil;a-feira (04/06), reuni&amp;atilde;o entre a administra&amp;ccedil;&amp;atilde;o superior da UESPI, coordena&amp;ccedil;&amp;atilde;o estadual da ADCESP, professores da base da categoria e o Diret&amp;oacute;rio Central dos Estudantes &amp;ndash; DCE UESPI &amp;ndash; Livre. O objetivo do encontro foi acompanhar o andamento dos pontos relacionado ao acordo firmado entre Governo do Estado, ADCESP e Reitoria, na &amp;uacute;ltima greve geral da categoria e debater outros assuntos de interesse da categoria.&lt;/p&gt;\r\n\r\n&lt;p style=&quot;text-align: justify;&quot;&gt;Uma pauta extensa, que come&amp;ccedil;ou com a discuss&amp;atilde;o em torno dos estudos acerca dos encargos docentes (PLC 09/2023). A Professora Lucineide Barros, coordenadora geral da ADCESP, abriu os debates, apresentando o relat&amp;oacute;rio dos estudos, a partir dos dados obtidos pela comiss&amp;atilde;o formada pela UESPI e a comiss&amp;atilde;o formada pelo Sindicato. As informa&amp;ccedil;&amp;otilde;es tamb&amp;eacute;m foram apresentadas pelas professoras Ros&amp;acirc;ngela Assun&amp;ccedil;&amp;atilde;o e Lina Santana e pelo Professor Rerisson.&lt;/p&gt;\r\n\r\n&lt;p style=&quot;text-align: justify;&quot;&gt;&lt;img alt=&quot;&quot; height=&quot;693&quot; src=&quot;/controle/arquivos/imagens/2.jpg&quot; width=&quot;926&quot; /&gt;&lt;/p&gt;\r\n\r\n&lt;p style=&quot;text-align: justify;&quot;&gt;&amp;ldquo;Esses dados, obtidos a partir de resposta dos Colegiados de cursos em um question&amp;aacute;rio, mostram o seguinte: professores/as em situa&amp;ccedil;&amp;atilde;o de correto cumprimento dos encargos, professores/as com encargos acima do exigido e professores/as com encargos abaixo do exigido na resolu&amp;ccedil;&amp;atilde;o. Mostram tamb&amp;eacute;m que o problema n&amp;atilde;o est&amp;aacute; na Lei ou na Resolu&amp;ccedil;&amp;atilde;o, mas na gest&amp;atilde;o dos encargos. Tamb&amp;eacute;m h&amp;aacute; problemas nos dados disponibilizados no sistema acad&amp;ecirc;mico que, em muitos aspectos, n&amp;atilde;o correspondem &amp;agrave; realidade, o que deve ser imediatamente corrigido, pois reproduz informa&amp;ccedil;&amp;atilde;o inver&amp;iacute;dica.&amp;nbsp;&lt;strong&gt;A ADCESP se colocou contr&amp;aacute;ria &amp;agrave; amplia&amp;ccedil;&amp;atilde;o de carga hor&amp;aacute;ria docente e &amp;agrave; quebra do regime de dedica&amp;ccedil;&amp;atilde;o exclusiva&amp;rdquo;,&amp;nbsp;&lt;/strong&gt;afirmou Lucineide Barros.&lt;/p&gt;\r\n\r\n&lt;p style=&quot;text-align: justify;&quot;&gt;Sobre esse &amp;uacute;ltimo ponto, vale ressaltar que a reitoria da UESPI compreendeu que a amplia&amp;ccedil;&amp;atilde;o da carga hor&amp;aacute;ria do/a professor/a TI 40h em sala de aula de 12 para 16 horas &amp;eacute; o &amp;uacute;nico caminho para resolver as distor&amp;ccedil;&amp;otilde;es encontradas nos estudos. Mas n&amp;atilde;o informou quais mecanismos ser&amp;atilde;o utilizados para garantir que essas jornadas de trabalho sejam, de fato, cumpridas.&lt;/p&gt;\r\n\r\n&lt;p style=&quot;text-align: justify;&quot;&gt;&lt;strong&gt;Bolsas, alimenta&amp;ccedil;&amp;atilde;o e equipamentos&lt;/strong&gt;&lt;/p&gt;\r\n\r\n&lt;p style=&quot;text-align: justify;&quot;&gt;Na reuni&amp;atilde;o, tamb&amp;eacute;m foi debatido a quest&amp;atilde;o das bolsas para estudantes e professores/as, melhorias para a alimenta&amp;ccedil;&amp;atilde;o dos/as estudantes na Cozinha Universit&amp;aacute;ria e sobre a compra dos equipamentos para docentes. &amp;ldquo;Nesses dois pontos, ficamos de dialogar diretamente com a pr&amp;oacute;-reitorias, porque os processos est&amp;atilde;o todos tramitando na Uespi e a SEAD informa, em reuni&amp;otilde;es, que aguarda os despachos para d&amp;aacute; seguimento nas provid&amp;ecirc;ncias. Na pr&amp;oacute;xima semana deveremos olhar com detalhe sobre cada um deles&amp;rdquo;, afirmou Lucineide Barros.&lt;/p&gt;\r\n\r\n&lt;p style=&quot;text-align: justify;&quot;&gt;Fomos informados pela SEAD que j&amp;aacute; houve a licita&amp;ccedil;&amp;atilde;o dos equipamentos e a ADCESP cobrou que haja consulta aos professores/as o mais breve poss&amp;iacute;vel, para saber quais itens ir&amp;atilde;o preferir e que haja celeridade no processo de compra.&lt;/p&gt;\r\n', '1.jpg', 'Em reunião com a reitoria, ADCESP debate pontos do acordo de greve', 'N', 'L', '900', '640', 2, '', 0, 0, 0, 0, 0, 0, 'S'),
(2, '7', '1', '', '0', 'S', '0', '0', '0', '0', '0', '0', '0', '0', '0', '0', '0', 'S', '2026-05-20 11:31:35', '2026-05-20 11:35:28', 'Luan Matheus', 'ACORDO DE GREVE', 'ACORDO DE GREVE,Reunião,Governo,Greve,Posted Under', 'ASSEMBLEIA DA ADCESP COM INFORMAÇÕES SOBRE REUNIÃO COM O GOVERNO', 'ACORDO DE GREVE E SOBRE A PARTICIPAÇÃO NO 43º CONGRESSO NACIONAL DO ANDES-SN', '&lt;p style=&quot;text-align: justify;&quot;&gt;A Adcesp realizou nesta quarta-feira (04/12) assembleia extraordin&amp;aacute;ria para delibera&amp;ccedil;&amp;atilde;o sobre a participa&amp;ccedil;&amp;atilde;o no 43&amp;deg; Congresso Nacional do ANDES-SN que ser&amp;aacute; realizado de 27 a 31 de Janeiro de 2025 em Vit&amp;oacute;ria, no Esp&amp;iacute;rito Santo.&lt;/p&gt;\r\n\r\n&lt;p style=&quot;text-align: justify;&quot;&gt;A assembleia concordou sobre a necessidade de levar delegados que estejam engajados na constru&amp;ccedil;&amp;atilde;o do congresso e da luta docente e foram selecionados por vota&amp;ccedil;&amp;atilde;o cinco dos seis delegados que a organiza&amp;ccedil;&amp;atilde;o tem direito a levar para o encontro.&lt;/p&gt;\r\n\r\n&lt;p style=&quot;text-align: justify;&quot;&gt;Na pauta de informes, a professora Lucineide Barros relatou sobre a reuni&amp;atilde;o com a Mesa de Negocia&amp;ccedil;&amp;atilde;o Permanente (Espec&amp;iacute;fica com a ADCESP), realizada na ter&amp;ccedil;a-feira, dia 02/12, com a participa&amp;ccedil;&amp;atilde;o de representantes da SEAD (Samuel Pontes), SERES (N&amp;uacute;bia Lopes) e representante da SEFAZ. Pela ADCESP: Lucineide Barros, Rosangela Assun&amp;ccedil;&amp;atilde;o, Lina Santana e Gustavo Amorim. O governo apresentou resposta para os seguintes pontos da pauta que fora apresentada na ultima Mesa Espec&amp;iacute;fica, realizada no dia 19/08:&lt;/p&gt;\r\n\r\n&lt;h4 style=&quot;text-align: justify;&quot;&gt;1) Sobre a aplica&amp;ccedil;&amp;atilde;o do Piso do magist&amp;eacute;rio da&amp;nbsp; educa&amp;ccedil;&amp;atilde;o b&amp;aacute;sica como remunera&amp;ccedil;&amp;atilde;o m&amp;iacute;nima ao docente&amp;nbsp; auxiliar 40h&amp;nbsp; e Estudos sobre os reflexos nos demais n&amp;iacute;veis da carreira docente&amp;rdquo; (prazo de 180 dias) &amp;ndash;&lt;/h4&gt;\r\n\r\n&lt;p style=&quot;text-align: justify;&quot;&gt;Resposta: O Sindicato discordou da informa&amp;ccedil;&amp;atilde;o do governo que a equipara&amp;ccedil;&amp;atilde;o tenha sido cumprida na integra e reafirmou a necessidade de corre&amp;ccedil;&amp;atilde;o da distor&amp;ccedil;&amp;atilde;o criada, considerando que na forma realizada o governo n&amp;atilde;o considerou que o(a) Professor(a) Auxiliar pode ocupar diferentes n&amp;iacute;veis (I, II, III, IV) alinhando todos(as) ao n&amp;iacute;vel I, motivo da distor&amp;ccedil;&amp;atilde;o. O Secret&amp;aacute;rio ficou de apresentar respostas ao pedido de corre&amp;ccedil;&amp;atilde;o da distor&amp;ccedil;&amp;atilde;o na semana seguinte.&amp;nbsp; Sobre o Estudo do reflexo para os demais n&amp;iacute;veis e classes o governo informou que importaria em R$ 21.168.178,72 e que n&amp;atilde;o pode realizar; o Sindicato reivindicou que o governo informe o que &amp;eacute; poss&amp;iacute;vel fazer para sair da situa&amp;ccedil;&amp;atilde;o atual de perdas e este ficou de voltar a tratar sobre o assunto na reuni&amp;atilde;o da semana seguinte, antes da aprova&amp;ccedil;&amp;atilde;o da Lei do Or&amp;ccedil;amento Anual.&lt;/p&gt;\r\n\r\n&lt;h4 style=&quot;text-align: justify;&quot;&gt;2) Sobre o encaminhamento do projeto de lei para assegurar o acesso &amp;agrave; classe de professor titular da Uespi.&lt;/h4&gt;\r\n\r\n&lt;p style=&quot;text-align: justify;&quot;&gt;Resposta: o governo informou que o projeto foi encaminhado naquele dia (02/12) &amp;agrave; Secretaria de Governo (SEGOV) e na sequencia ser&amp;aacute; enviado &amp;agrave; ALEPI.&lt;/p&gt;\r\n\r\n&lt;h4 style=&quot;text-align: justify;&quot;&gt;3) Sobre a amplia&amp;ccedil;&amp;atilde;o de bolsas de pesquisa e extens&amp;atilde;o para docentes da Uespi.&lt;/h4&gt;\r\n\r\n&lt;p style=&quot;text-align: justify;&quot;&gt;Resposta: o governo informou que o impacto anual representa R$ 1.210.000,00 e que a UESPI deve discutir com o Sindicato os termos do Edital para que as bolsas sejam destinadas no ano de 2025 (o Sindicato recebeu uma minuta, a mesma que a Pr&amp;oacute;-reitora de Extens&amp;atilde;o, professora Ivoneide Alencar, apresentou ao Sindicato em reuni&amp;atilde;o no dia 05/12. Nesta consta a destina&amp;ccedil;&amp;atilde;o de 110 bolsas a docentes extensionistas, durante 11 meses, no valor de R$ 1.100.00 cada, considerando diferentes &amp;aacute;reas tem&amp;aacute;ticas &amp;ndash; O Secret&amp;aacute;rio de Administra&amp;ccedil;&amp;atilde;o informou na reuni&amp;atilde;o que o valor est&amp;aacute; autorizado e a Prex se comprometeu em fechar o edital com a participa&amp;ccedil;&amp;atilde;o do Sindicato.&lt;/p&gt;\r\n\r\n&lt;h4 style=&quot;text-align: justify;&quot;&gt;4) Sobre negocia&amp;ccedil;&amp;otilde;es entre institui&amp;ccedil;&amp;otilde;es financeiras e a categoria de docentes, com o aux&amp;iacute;lio do estado, na tentativa de reduzir o n&amp;iacute;vel de endividamento dos professores&amp;rdquo;.&lt;/h4&gt;\r\n\r\n&lt;p style=&quot;text-align: justify;&quot;&gt;Resposta: os bancos informam que s&amp;oacute; podem discutir caso a caso. O Sindicato reivindicou que o governo crie um canal atrav&amp;eacute;s de sistema de mutir&amp;atilde;o, ou por outro modo, com um protocolo de atendimento para que as agencias e ger&amp;ecirc;ncias das contas sejam buscadas pelos docentes para tratar sobre as negocia&amp;ccedil;&amp;otilde;es que pretendam propor.&lt;/p&gt;\r\n\r\n&lt;h4 style=&quot;text-align: justify;&quot;&gt;5) Sobre a realiza&amp;ccedil;&amp;atilde;o de investimentos para auxiliar os docentes com fornecimento de equipamentos de tecnologia da informa&amp;ccedil;&amp;atilde;o&amp;rdquo;. (Processo SEI n. 00002002314/2024/11).&lt;/h4&gt;\r\n\r\n&lt;p style=&quot;text-align: justify;&quot;&gt;Resposta: o governo informou que o impacto para o numero de professores(as) informado representa R$ 3.608.650,00 e que o processo para a compra se encontra na UESPI; informou tamb&amp;eacute;m que destinar&amp;aacute; 1.000.000,00 que pode ser aplicado na compra de computadores imediatamente. O governo se comprometeu de em reuni&amp;atilde;o na semana seguinte com participa&amp;ccedil;&amp;atilde;o de represente da Uespi definir crit&amp;eacute;rios; o sindicato reivindicar&amp;aacute; o plano para entrega de computadores para todos(as) os(as) docentes.&lt;/p&gt;\r\n\r\n&lt;h4 style=&quot;text-align: justify;&quot;&gt;6) Al&amp;eacute;m desses pontos o governo informou que n&amp;atilde;o &amp;eacute; poss&amp;iacute;vel pagar o Auxilio Alimenta&amp;ccedil;&amp;atilde;o reivindicado e que as progress&amp;otilde;es, promo&amp;ccedil;&amp;otilde;es e mudan&amp;ccedil;as de regime ser&amp;atilde;o implantadas, considerando data de aprova&amp;ccedil;&amp;atilde;o e conforme rotina que vinha sendo praticada.&lt;/h4&gt;\r\n', '1.jpg', 'ASSEMBLEIA DA ADCESP COM INFORMAÇÕES SOBRE REUNIÃO COM O GOVERNO', 'N', 'L', '900', '640', 1, '', 0, 0, 0, 0, 0, 0, 'S'),
(3, '7,1', '2', '', '0', 'S', '0', '0', '0', '0', '0', '0', '0', '0', '0', '0', '0', 'S', '2026-05-20 11:36:27', '2026-05-20 12:10:18', 'Redação', 'NOTA', 'Nota,Solidariedade', 'Nota de solidariedade ao povo Akroá-Gamela do território de Laranjeiras', '', '&lt;p style=&quot;text-align: justify;&quot;&gt;A Adcesp vem publicamente manifestar apoio e solidariedade &amp;agrave; luta dos povos ind&amp;iacute;genas Akro&amp;aacute;-Gamela do territ&amp;oacute;rio de Laranjeiras em Currais-PI em defesa da educa&amp;ccedil;&amp;atilde;o. Na manh&amp;atilde; desta quinta-feira, lideran&amp;ccedil;as e ind&amp;iacute;genas do territ&amp;oacute;rio realizaram um ato em frente a reitoria da Universidade Federal do Piau&amp;iacute; reivindicando que as aulas do curso de Licenciatura em Pedagogia Intercultural Ind&amp;iacute;gena permane&amp;ccedil;am dentro do territ&amp;oacute;rio Gamela como havia sido previamente acordado com a magn&amp;iacute;fica reitora Nadir Nogueira.&lt;/p&gt;\r\n\r\n&lt;p style=&quot;text-align: justify;&quot;&gt;O curso do PARFOR EQUIDADE foi uma conquista com a participa&amp;ccedil;&amp;atilde;o direta do povo Akro&amp;aacute; Gamela de Laranjeiras com incid&amp;ecirc;ncias em Bras&amp;iacute;lia&amp;nbsp;visando a implanta&amp;ccedil;&amp;atilde;o do curso no territ&amp;oacute;rio. Na primeira turma est&amp;atilde;o matriculados 20 alunos Gamelas que residem no territ&amp;oacute;rio e agora se encontram prejudicados pois as aulas foram remanejadas para a cidade de Currais.&lt;/p&gt;\r\n\r\n&lt;p style=&quot;text-align: justify;&quot;&gt;Atitudes como essa violam o direito &amp;agrave; educa&amp;ccedil;&amp;atilde;o ind&amp;iacute;gena e n&amp;atilde;o sinalizam compromisso com a educa&amp;ccedil;&amp;atilde;o escolar indigena, que deve valorizar os modos de vida e os territ&amp;oacute;rios.&lt;/p&gt;\r\n\r\n&lt;p style=&quot;text-align: justify;&quot;&gt;O estado do Piau&amp;iacute; ainda n&amp;atilde;o realiza uma pol&amp;iacute;tica educacional para povos ind&amp;iacute;genas, promove a&amp;ccedil;&amp;otilde;es pontuais e insuficientes, sendo um dos mais atrasados do pa&amp;iacute;s nesse quesito.&lt;/p&gt;\r\n\r\n&lt;p style=&quot;text-align: justify;&quot;&gt;O compromisso com a educa&amp;ccedil;&amp;atilde;o ind&amp;iacute;gena &amp;eacute; uma pauta de interesse social com a qual toda a sociedade deve estar envolvida e a Universidade tem papel central.&lt;/p&gt;\r\n', 'nota.jpg', 'Nota de solidariedade', 'N', 'L', '900', '640', 1, '', 0, 0, 0, 0, 0, 0, 'S'),
(4, '1', '2', '', '0', '0', '0', '0', '0', '0', '0', '0', '0', '0', '0', '0', '0', 'S', '2026-05-20 11:40:29', '2026-05-20 11:43:05', 'Redação', '43º Congresso / ANDES-SN', 'Congresso,ANDES-SN,43º Congresso do ANDES-SN', '43º Congresso do ANDES-SN será realizado em Vitória (ES) entre os dias 27 e 31 de janeiro', '', '&lt;p style=&quot;text-align: justify;&quot;&gt;Diretoria do ANDES-SN realiza o 43&amp;ordm; Congresso do Sindicato Nacional, que acontece de 27 a 31 de janeiro de 2025, em Vit&amp;oacute;ria (ES). Organizado pela Associa&amp;ccedil;&amp;atilde;o de Docentes da Universidade Federal do Esp&amp;iacute;rito Santo (Adufes &amp;ndash; Se&amp;ccedil;&amp;atilde;o Sindical do ANDES-SN), o evento reunir&amp;aacute; representantes de todo o pa&amp;iacute;s para debater temas fundamentais &amp;agrave; categoria, com foco na defesa dos direitos e no fortalecimento da luta sindical.&lt;/p&gt;\r\n\r\n&lt;p style=&quot;text-align: justify;&quot;&gt;O evento, inst&amp;acirc;ncia m&amp;aacute;xima de delibera&amp;ccedil;&amp;atilde;o da categoria do Sindicato Nacional, ter&amp;aacute; como tema central &amp;ldquo;S&amp;oacute; o ANDES-SN nos representa: dos locais de trabalho &amp;agrave;s ruas contra a criminaliza&amp;ccedil;&amp;atilde;o das lutas&amp;rdquo;. A programa&amp;ccedil;&amp;atilde;o inclui debates sobre pol&amp;iacute;ticas educacionais e condi&amp;ccedil;&amp;otilde;es de trabalho das e dos docentes, al&amp;eacute;m da formula&amp;ccedil;&amp;atilde;o de estrat&amp;eacute;gias para enfrentar os desafios impostos &amp;agrave; categoria e &amp;agrave; sociedade brasileira.&lt;/p&gt;\r\n\r\n&lt;p style=&quot;text-align: justify;&quot;&gt;O 43&amp;ordm; Congresso ser&amp;aacute; tamb&amp;eacute;m uma oportunidade de fortalecer pautas locais e nacionais, reafirmando o compromisso do ANDES-SN com a defesa da educa&amp;ccedil;&amp;atilde;o p&amp;uacute;blica, gratuita e de qualidade. A programa&amp;ccedil;&amp;atilde;o tem como os seguintes temas: I &amp;ndash; Conjuntura e Movimento Docente; II &amp;ndash; Planos de Lutas do Setores; III &amp;ndash; Plano Geral de Lutas; e IV &amp;ndash; Quest&amp;otilde;es Organizativas e Financeiras.&lt;/p&gt;\r\n\r\n&lt;h3 style=&quot;text-align: justify;&quot;&gt;Caderno de textos&lt;/h3&gt;\r\n\r\n&lt;p style=&quot;text-align: justify;&quot;&gt;O ANDES-SN disponibilizou o Caderno de Textos do 43&amp;ordm; Congresso. O documento, enviado no dia 24 de dezembro por meio da Circular 584/2024, re&amp;uacute;ne as propostas, an&amp;aacute;lises e contribui&amp;ccedil;&amp;otilde;es encaminhadas pelas se&amp;ccedil;&amp;otilde;es sindicais, diretoria nacional, sindicalizadas e sindicalizados, que ser&amp;atilde;o debatidas durante o evento. O Caderno de Textos &amp;eacute; um dos principais instrumentos para subsidiar as discuss&amp;otilde;es e delibera&amp;ccedil;&amp;otilde;es do Congresso, garantindo um processo democr&amp;aacute;tico e participativo.&lt;/p&gt;\r\n\r\n&lt;p style=&quot;text-align: justify;&quot;&gt;&lt;img alt=&quot;&quot; height=&quot;753&quot; src=&quot;/controle/arquivos/imagens/1.jpg&quot; width=&quot;742&quot; /&gt;&lt;/p&gt;\r\n\r\n&lt;p style=&quot;text-align: justify;&quot;&gt;Ao todo, foram enviados 76 textos, distribu&amp;iacute;dos entre os seguintes temas: Tema I &amp;ndash; Conjuntura e Movimento Docente; Tema II &amp;ndash; Planos de Lutas dos Setores; Tema III &amp;ndash; Plano Geral de Lutas; e Tema IV &amp;ndash; Quest&amp;otilde;es Organizativas e Financeiras. O ANDES-SN orientou tamb&amp;eacute;m as se&amp;ccedil;&amp;otilde;es sindicais a reproduzirem o Caderno de Textos para as delega&amp;ccedil;&amp;otilde;es que representar&amp;atilde;o as se&amp;ccedil;&amp;otilde;es no 43&amp;ordm; Congresso. Os cadernos j&amp;aacute; est&amp;atilde;o dispon&amp;iacute;veis no site do ANDES-SN.&lt;/p&gt;\r\n', '2.jpg', '43º Congresso do ANDES-SN será realizado em Vitória (ES) entre os dias 27 e 31 de janeiro', 'N', 'L', '900', '640', 2, '', 0, 0, 0, 0, 0, 0, 'S'),
(5, '7,1', '25', '', 'S', '0', '0', '0', '0', '0', '0', '0', '0', '0', '0', '0', '0', 'S', '2026-05-20 11:45:04', '2026-05-20 11:48:18', 'Redação', 'Campus: Torquato Neto', 'campus Torquato Neto,Obras,biblioteca', 'Obras inacabadas: alunos iniciam mais um semestre sem biblioteca no campus Torquato Neto', '', '&lt;p style=&quot;text-align: justify;&quot;&gt;Desativada desde 2015, a biblioteca central do Campus Poeta Torquato Neto da Universidade Estadual do Piau&amp;iacute; &amp;ndash; UESPI, j&amp;aacute; virou um sonho distante do corpo discente. Muitas estudantes entraram e sa&amp;iacute;ram da UESPI sem poder acessar a biblioteca, porque ela n&amp;atilde;o existia. Em 2023, uma nova obra foi iniciada e uma chama de esperan&amp;ccedil;a se acendeu. Entretanto, a obra deveria ter sido entregue em agosto de 2024 e j&amp;aacute; soma 5 meses de atraso. O prazo para a conclus&amp;atilde;o da obra era de 210 dias, segundo previs&amp;atilde;o da pr&amp;oacute;pria UESPI, mas infelizmente chegamos ao final deste semestre e entraremos o pr&amp;oacute;ximo sem biblioteca.&lt;/p&gt;\r\n\r\n&lt;p style=&quot;text-align: justify;&quot;&gt;&amp;nbsp;&lt;/p&gt;\r\n\r\n&lt;p style=&quot;text-align: justify;&quot;&gt;At&amp;eacute; o momento o novo prazo de conclus&amp;atilde;o ainda n&amp;atilde;o foi informado pela Pr&amp;oacute;-reitoria de Administra&amp;ccedil;&amp;atilde;o (PRAD). O or&amp;ccedil;amento destinado para a etapa da edifica&amp;ccedil;&amp;atilde;o foi de R$1.502.100,00, mas at&amp;eacute; abril apenas 28,70% da obra tinha sido executada. At&amp;eacute; agora, janeiro de 2025, quase nada mudou, apenas as paredes foram levantadas.&lt;/p&gt;\r\n\r\n&lt;p style=&quot;text-align: justify;&quot;&gt;&amp;nbsp;&lt;/p&gt;\r\n\r\n&lt;p style=&quot;text-align: justify;&quot;&gt;A situa&amp;ccedil;&amp;atilde;o da biblioteca da UESPI &amp;eacute; tratada de forma improvisada h&amp;aacute; anos e traz grandes perdas para a comunidade acad&amp;ecirc;mica. N&amp;atilde;o h&amp;aacute; espa&amp;ccedil;o adequado para que os estudantes possam se concentrar e realizar suas atividades, leituras e pesquisas. O acervo realocado para sala de leitura e audit&amp;oacute;rio, que n&amp;atilde;o comportam seu tamanho, est&amp;aacute; desatualizado e danificado pela aus&amp;ecirc;ncia de um local apropriado para sua conserva&amp;ccedil;&amp;atilde;o. A Uespi precisa urgentemente de um espa&amp;ccedil;o de estudo digno e confort&amp;aacute;vel para que estudantes, professores e a comunidade em geral possam trabalhar, com um acervo amplo, com acesso &amp;agrave; internet e a computadores.&lt;/p&gt;\r\n\r\n&lt;p style=&quot;text-align: justify;&quot;&gt;&amp;nbsp;&lt;/p&gt;\r\n\r\n&lt;p style=&quot;text-align: justify;&quot;&gt;A Administra&amp;ccedil;&amp;atilde;o Superior e o Governo do Estado devem responder por que a UESPI continua sem biblioteca por mais um semestre. &amp;Eacute; inconceb&amp;iacute;vel que a estrutura da universidade p&amp;uacute;blica continue sendo tratada com nenhuma seriedade, permitindo que obras importantes como essa andem a passos de tartaruga enquanto a comunidade acad&amp;ecirc;mica sofre.&lt;/p&gt;\r\n\r\n&lt;p style=&quot;text-align: justify;&quot;&gt;&amp;nbsp;&lt;/p&gt;\r\n\r\n&lt;p style=&quot;text-align: justify;&quot;&gt;10 anos de preju&amp;iacute;zos acad&amp;ecirc;micos e sociais&lt;br /&gt;\r\n&amp;nbsp;&lt;/p&gt;\r\n\r\n&lt;p style=&quot;text-align: justify;&quot;&gt;As bibliotecas dentro das universidades, al&amp;eacute;m de cumprir com o papel acad&amp;ecirc;mico e fomento &amp;agrave; pesquisa cient&amp;iacute;fica, tamb&amp;eacute;m contribuem para a cultura, lazer e socializa&amp;ccedil;&amp;atilde;o atrav&amp;eacute;s de eventos e debates de temas importantes para a comunidade acad&amp;ecirc;mica. Assim a biblioteca &amp;eacute; um mecanismo que faz muita falta e causa um preju&amp;iacute;zo enorme para a forma&amp;ccedil;&amp;atilde;o educacional, pol&amp;iacute;tica e social.&lt;/p&gt;\r\n\r\n&lt;p style=&quot;text-align: justify;&quot;&gt;H&amp;aacute; exatos 10 anos, estudantes e professores contam com o improviso para ter acesso a livros e documentos essenciais para o processo de forma&amp;ccedil;&amp;atilde;o. Em 2015 foi aprovado o projeto de reforma da biblioteca central do Campus Poeta Torquato Neto da UESPI. O projeto n&amp;atilde;o foi realizado devido &amp;agrave;s condi&amp;ccedil;&amp;otilde;es prec&amp;aacute;rias da estrutura antiga. Ap&amp;oacute;s a Administra&amp;ccedil;&amp;atilde;o Superior rediscutir e renovar o projeto, as obras tiveram in&amp;iacute;cio em 2017, mas foram interrompidas pelas fortes chuvas que levou ao desabamento de parte da estrutura da Biblioteca. Desde ent&amp;atilde;o, sem previs&amp;atilde;o de entrega, a comunidade acad&amp;ecirc;mica da UESPI n&amp;atilde;o tem acesso de qualidade a uma biblioteca.&lt;/p&gt;\r\n', 'IMG20250117WA0045.jpg', 'Obras inacabadas: alunos iniciam mais um semestre sem biblioteca no campus Torquato Neto', 'N', 'L', '900', '640', 0, '', 0, 0, 0, 0, 0, 0, 'S'),
(6, '1', '24', '', 'S', '0', '0', '0', '0', '0', '0', '0', '0', '0', '0', '0', '0', 'S', '2026-05-20 11:49:44', '2026-05-20 11:49:44', 'Redação', '43º CONGRESSO DO ANDES', '43º CONGRESSO DO ANDES,VITÓRIA (ES),ADCESP', 'ADCESP PARTICIPA DO 43º CONGRESSO DO ANDES EM VITÓRIA (ES)', '', '&lt;p style=&quot;text-align: justify;&quot;&gt;A delega&amp;ccedil;&amp;atilde;o da ADCESP est&amp;aacute; em Vit&amp;oacute;ria (ES) participando do 43&amp;ordm; Congresso Nacional do ANDES-SN, que teve in&amp;iacute;cio nesta segunda-feira (27). O evento &amp;eacute; a inst&amp;acirc;ncia m&amp;aacute;xima de delibera&amp;ccedil;&amp;atilde;o da categoria do Sindicato Nacional e traz como tema central &amp;ldquo;S&amp;oacute; o ANDES-SN nos representa: dos locais de trabalho &amp;agrave;s ruas contra a criminaliza&amp;ccedil;&amp;atilde;o das lutas&amp;rdquo;.&lt;/p&gt;\r\n\r\n&lt;p style=&quot;text-align: justify;&quot;&gt;O Congresso representa importante ganho de perspectivas plurais na luta sindical, o evento re&amp;uacute;ne mais de 600 docentes de todo o pa&amp;iacute;s. A ADCESP enviou uma delega&amp;ccedil;&amp;atilde;o composta por quatro delegadas: Professoras Ros&amp;acirc;ngela Assun&amp;ccedil;&amp;atilde;o, Lina Santana, Janete Brito e Lucineide Barros, com o compromisso de participar ativamente das constru&amp;ccedil;&amp;otilde;es e delibera&amp;ccedil;&amp;otilde;es do congresso focado na defesa dos direitos e no fortalecimento da luta sindical. &amp;ldquo;&amp;Eacute; uma experi&amp;ecirc;ncia &amp;uacute;nica e muito valorosa para n&amp;oacute;s que somos lutadoras&amp;rdquo;, afirma Lina Santana.&lt;/p&gt;\r\n\r\n&lt;p style=&quot;text-align: justify;&quot;&gt;A Professora Lucineide Barros defende que o Congresso &amp;eacute; um espa&amp;ccedil;o para refor&amp;ccedil;ar a import&amp;acirc;ncia do pr&amp;oacute;prio Sindicato como uma ferramenta necess&amp;aacute;ria para o avan&amp;ccedil;o das lutas. &amp;ldquo;Nesse contexto atual, em que avan&amp;ccedil;am for&amp;ccedil;as de direita, de fei&amp;ccedil;&amp;otilde;es fascistas, os ataques tamb&amp;eacute;m confrontam as organiza&amp;ccedil;&amp;otilde;es sociais de modo geral e em particular das organiza&amp;ccedil;&amp;otilde;es sindicais. Temos disputas importantes a serem feitas, por isso estamos afirmando que quem nos representa &amp;eacute; o Andes, com o seu compromisso em defesa da classe trabalhadora. Essa &amp;eacute; uma das mensagens fortes aqui neste Congresso&amp;rdquo;, diz.&lt;/p&gt;\r\n\r\n&lt;p style=&quot;text-align: justify;&quot;&gt;Realizar o evento no in&amp;iacute;cio do ano &amp;eacute; estrat&amp;eacute;gico, pois uma das inten&amp;ccedil;&amp;otilde;es &amp;eacute; atualizar o planejamento das lutas da categoria, segundo a professora Janete Brito. &amp;ldquo;Temos atualizado a luta das categorias conversando com companheiros de outras institui&amp;ccedil;&amp;otilde;es, no nosso caso, das estaduais e podemos perceber para onde caminhar na nossa luta&amp;rdquo;, explica.&lt;/p&gt;\r\n\r\n&lt;p style=&quot;text-align: justify;&quot;&gt;O fortalecimento do setor das universidades estaduais &amp;eacute; um dos focos da delega&amp;ccedil;&amp;atilde;o da ADCESP. A professora Ros&amp;acirc;ngela Assun&amp;ccedil;&amp;atilde;o, representante da base do sindicato, diz que al&amp;eacute;m dos aprendizados, a experi&amp;ecirc;ncia &amp;eacute; muito valorosa e um &amp;acirc;nimo para luta. &amp;ldquo;Estamos discutindo um plano de luta para o nosso setor das estaduais, que vai ser muito importante para direcionar o nosso encaminhamento p&amp;oacute;s-greve. Quem sabe novas lutas que a gente venha a fazer na UESPI, para buscar melhorias para nossa carreira de valoriza&amp;ccedil;&amp;atilde;o docente e tamb&amp;eacute;m construir lutas junto com os estudantes&amp;rdquo;, declara.&lt;/p&gt;\r\n\r\n&lt;p style=&quot;text-align: justify;&quot;&gt;O 43&amp;ordm; Congresso Nacional do ANDES-SN vai at&amp;eacute; o dia 31 de Janeiro, com debates relevantes para o futuro da educa&amp;ccedil;&amp;atilde;o superior p&amp;uacute;blica e temas de interesse social ampliado como g&amp;ecirc;nero, ra&amp;ccedil;a e classe.&lt;/p&gt;\r\n', '1.jpg', '43º CONGRESSO DO ANDES EM VITÓRIA (ES)', 'S', 'L', '900', '640', 2, '', 0, 0, 0, 0, 0, 0, 'S'),
(7, '1', '24', '', '0', '0', '0', '0', '0', '0', '0', '0', '0', '0', '0', '0', '0', 'S', '2026-05-20 11:52:33', '2026-05-20 12:08:22', 'ANDES-SN', 'II Seminário de Multicanal e Fronteira', 'II Seminário de Multicanal e Fronteira', 'II Seminário de Multicanal e Fronteira do ANDES-SN acontece em março em Boa Vista (RR)', '', '&lt;p style=&quot;text-align: justify;&quot;&gt;Entre os dias 13 e 15 de mar&amp;ccedil;o, Boa Vista (RR) sediar&amp;aacute; o II Semin&amp;aacute;rio de Multicampia e Fronteira do ANDES-SN. O evento &amp;eacute; organizado pelo Grupo de Trabalho de Multicampia e Fronteira (GT Multi-Front.), em parceria com a Se&amp;ccedil;&amp;atilde;o Sindical dos Docentes da Universidade Federal de Roraima (Sesduf-RR &amp;ndash; Se&amp;ccedil;&amp;atilde;o Sindical).&lt;/p&gt;\r\n\r\n&lt;p style=&quot;text-align: justify;&quot;&gt;O encontro tem como objetivo debater as especificidades, os desafios e a relev&amp;acirc;ncia do trabalho docente em regi&amp;otilde;es de fronteira, al&amp;eacute;m de destacar a necessidade de uma pol&amp;iacute;tica nacional para enfrentar a precariza&amp;ccedil;&amp;atilde;o da atividade docente, que n&amp;atilde;o est&amp;aacute; restrita &amp;agrave;s regi&amp;otilde;es de fronteira, e tamb&amp;eacute;m afeta a realidade nas universidades multicampi.&amp;nbsp;&lt;/p&gt;\r\n\r\n&lt;p style=&quot;text-align: justify;&quot;&gt;Entre os desafios enfrentados por docentes em institui&amp;ccedil;&amp;otilde;es de fronteira e/ou multicampi est&amp;atilde;o a dif&amp;iacute;cil fixa&amp;ccedil;&amp;atilde;o nessas localidades, as limita&amp;ccedil;&amp;otilde;es or&amp;ccedil;ament&amp;aacute;rias e a distribui&amp;ccedil;&amp;atilde;o desigual de recursos. Esses aspectos ser&amp;atilde;o amplamente debatidos no II Semin&amp;aacute;rio, considerando as especificidades da multicampia, que impactam diretamente as condi&amp;ccedil;&amp;otilde;es de trabalho e a gest&amp;atilde;o dos or&amp;ccedil;amentos dessas institui&amp;ccedil;&amp;otilde;es.&lt;/p&gt;\r\n\r\n&lt;p style=&quot;text-align: justify;&quot;&gt;&amp;ldquo;A UFRR vive uma situa&amp;ccedil;&amp;atilde;o bastante peculiar de ser uma universidade em faixa de fronteira, assim como todas as universidades localizadas no estado, e, al&amp;eacute;m disso, mostra uma situa&amp;ccedil;&amp;atilde;o muito particular da situa&amp;ccedil;&amp;atilde;o de Fronteira e Multicampia. H&amp;aacute; situa&amp;ccedil;&amp;otilde;es no Brasil, por exemplo, Roraima ou fronteira do Amazonas, em que pessoas rapidamente fazem concurso para aquele lugar e depois se mudam, por quest&amp;otilde;es econ&amp;ocirc;micas, por quest&amp;otilde;es de estrutura material e por v&amp;aacute;rias outras quest&amp;otilde;es. Ou seja, a quest&amp;atilde;o da fixa&amp;ccedil;&amp;atilde;o de professores nesses lugares &amp;eacute; uma quest&amp;atilde;o do pa&amp;iacute;s, &amp;eacute; uma quest&amp;atilde;o que precisa ser tratada como uma pol&amp;iacute;tica p&amp;uacute;blica do Brasil&amp;rdquo;, explicou Elder Lanes, base da Sesduf-RR SSind. e representante da se&amp;ccedil;&amp;atilde;o sindical no GT Multi-Front.&lt;/p&gt;\r\n\r\n&lt;p style=&quot;text-align: justify;&quot;&gt;As e os interessados t&amp;ecirc;m at&amp;eacute; o dia 28 de fevereiro para confirmarem presen&amp;ccedil;a, por meio do formul&amp;aacute;rio dispon&amp;iacute;vel aqui. A realiza&amp;ccedil;&amp;atilde;o do II Semin&amp;aacute;rio de Multicampia e Fronteira do ANDES-SN &amp;eacute; uma delibera&amp;ccedil;&amp;atilde;o do 67&amp;ordm; Conad, realizado no ano passado em Belo Horizonte (MG).&lt;/p&gt;\r\n\r\n&lt;p style=&quot;text-align: justify;&quot;&gt;&amp;nbsp;Oprimeiro semin&amp;aacute;rio ocorreu na Universidade Federal da Integra&amp;ccedil;&amp;atilde;o Latino-Americana (Unila), em Foz do Igua&amp;ccedil;u (PR), em dezembro de 2022. Na ocasi&amp;atilde;o, foram discutidos temas fundamentais relacionados &amp;agrave; realidade das e dos docentes nessas regi&amp;otilde;es.&lt;/p&gt;\r\n\r\n&lt;p style=&quot;text-align: justify;&quot;&gt;Ana Lucia Gomes, 1&amp;ordf; vice-presidenta da Regional Norte I do ANDES-SN, refor&amp;ccedil;ou a import&amp;acirc;ncia da participa&amp;ccedil;&amp;atilde;o das e dos docentes no evento. &amp;ldquo;&amp;Eacute; importante que todas as se&amp;ccedil;&amp;otilde;es sindicais deem ampla divulga&amp;ccedil;&amp;atilde;o e ampla participa&amp;ccedil;&amp;atilde;o neste semin&amp;aacute;rio, para que a gente possa fazer uma ampla discuss&amp;atilde;o sobre as tem&amp;aacute;ticas que envolvem Multicampia e Fronteira&amp;rdquo;, concluiu.&lt;/p&gt;\r\n\r\n&lt;p style=&quot;text-align: justify;&quot;&gt;Confira a circular 581/2024, que convoca para o II Semin&amp;aacute;rio Multicampia e Fronteira, em parceria com a Sesduf-RR SSind.&lt;/p&gt;\r\n', '1.jpg', 'II Seminário de Multicanal e Fronteira do ANDES-SN acontece em março em Boa Vista (RR)', 'N', 'L', '900', '640', 2, '', 0, 0, 0, 0, 0, 0, 'S'),
(8, '7,1', '1', '', '0', 'S', '0', '0', '0', '0', '0', '0', '0', '0', '0', '0', '0', 'S', '2026-05-20 11:57:02', '2026-05-20 11:57:02', 'Redação', 'Obras atrasadas', 'UESPI,Obras', 'UESPI virou canteiro de obras atrasadas e comunidade acadêmica segue prejudicada.', '', '&lt;p style=&quot;text-align: justify;&quot;&gt;A administra&amp;ccedil;&amp;atilde;o superior da Universidade Estadual do Piau&amp;iacute;- UESPI est&amp;aacute; fazendo propaganda de obras que est&amp;atilde;o acontecendo nos campi por todo o estado, mas a maioria dessas obras est&amp;atilde;o completamente fora do prazo inicialmente proposto, as obras est&amp;atilde;o se arrastando lentamente a comunidade acad&amp;ecirc;mica segue prejudicada.&lt;/p&gt;\r\n\r\n&lt;p style=&quot;text-align: justify;&quot;&gt;Questionada pela ADCESP a respeito da conclus&amp;atilde;o das obras, a administra&amp;ccedil;&amp;atilde;o superior da UESPI, em diferentes casos, forneceu prazos n&amp;atilde;o espec&amp;iacute;ficos, informando apenas que seriam conclu&amp;iacute;das em 2025/2026. Segundo informa&amp;ccedil;&amp;otilde;es dispon&amp;iacute;veis no site da pr&amp;oacute;pria institui&amp;ccedil;&amp;atilde;o, muitas obras j&amp;aacute; atingiram o prazo limite para conclus&amp;atilde;o.&lt;/p&gt;\r\n\r\n&lt;p style=&quot;text-align: justify;&quot;&gt;O campus de Uru&amp;ccedil;u&amp;iacute;, atingido por inc&amp;ecirc;ndio em 2023, est&amp;aacute; em reforma h&amp;aacute; mais de um ano. A obra que deveria ter sido finalizada em novembro do ano passado recebeu um novo prazo para conclus&amp;atilde;o, prevista, desta feita, 2025 e sem m&amp;ecirc;s espec&amp;iacute;fico.&lt;/p&gt;\r\n\r\n&lt;p style=&quot;text-align: justify;&quot;&gt;Em Teresina, a obra da biblioteca central do campus Torquato Neto j&amp;aacute; soma 6 meses de atraso e os novos blocos tem previs&amp;atilde;o final somente para 2026. No Cl&amp;oacute;vis Moura, os novos blocos (atrasados 3 meses) e a biblioteca do Torquato Neto (atrasada 6 meses) deveriam ter sido conclu&amp;iacute;dos at&amp;eacute; o final do segundo semestre de 2024.&lt;/p&gt;\r\n\r\n&lt;p style=&quot;text-align: justify;&quot;&gt;As cidades ao sul do estado tamb&amp;eacute;m aguardam a conclus&amp;atilde;o desse ciclo de obras sem fim. Em Bom Jesus a reforma e amplia&amp;ccedil;&amp;atilde;o do campus estava com previs&amp;atilde;o de entrega para o m&amp;ecirc;s de outubro de 2024, o que n&amp;atilde;o aconteceu. Em Picos a situa&amp;ccedil;&amp;atilde;o &amp;eacute; a mesma, os novos blocos aguardados para novembro agora t&amp;ecirc;m promessa de conclus&amp;atilde;o para 2025. O campus de Floriano est&amp;aacute; com obras com nove meses de atraso. Com o novo prazo, as obras devem ser entregues com um ano de atraso, no m&amp;ecirc;s de maio.&lt;/p&gt;\r\n\r\n&lt;p style=&quot;text-align: justify;&quot;&gt;Muitas dessas obras est&amp;atilde;o paradas aguardando a libera&amp;ccedil;&amp;atilde;o de mais recursos. N&amp;atilde;o compreendemos, pois de acordo com o anuncio do governo estariam garantidos 66 milh&amp;otilde;es pois n&amp;atilde;o h&amp;aacute; prioridade na para a realiza&amp;ccedil;&amp;atilde;o das obras. O que houve? Onde est&amp;aacute; o problema? Qual o lugar da UESPI, nos planos do governo e da administra&amp;ccedil;&amp;atilde;o superior da Universidade.&lt;br /&gt;\r\nA Adcesp reafirma a necessidade de mecanismos de acompanhamento que permitam &amp;agrave; comunidade acad&amp;ecirc;mica ter acesso &amp;agrave; informa&amp;ccedil;&amp;otilde;es detalhadas que se relacionem com decis&amp;otilde;es de interesse comum e aplica&amp;ccedil;&amp;atilde;o de recursos&amp;nbsp;p&amp;uacute;blicos.&lt;/p&gt;\r\n', '1.jpg', 'UESPI virou canteiro de obras atrasadas e comunidade acadêmica segue prejudicada.', 'N', 'L', '900', '640', 0, '', 0, 0, 0, 0, 0, 0, 'S'),
(9, '7', '21', '', '0', '0', '0', '0', '0', '0', '0', '0', '0', '0', '0', '0', '0', 'S', '2026-05-20 11:59:31', '2026-05-20 11:59:31', 'Redação', 'Faculdade PIT', 'Faculdade PIT,UESPI', 'A proposta de criação da Faculdade PIT e seus impactos na UESPI', '', '&lt;p style=&quot;text-align: justify;&quot;&gt;A Lei Estadual n&amp;ordm; 7.511, de 04 de junho de 2021, que incentiva a inova&amp;ccedil;&amp;atilde;o e a pesquisa cient&amp;iacute;fica no Piau&amp;iacute;, trouxe implica&amp;ccedil;&amp;otilde;es significativas para o sistema educacional e cient&amp;iacute;fico do Estado. Com base nessa lei, o governo de Rafael Fonteles (PT) assinou o Decreto 23.584/2025, criando a Faculdade Estadual Piau&amp;iacute; Instituto de Tecnologia (Faculdade PIT). Embora apresentada como um avan&amp;ccedil;o para o desenvolvimento tecnol&amp;oacute;gico, a iniciativa carrega um car&amp;aacute;ter privatista que pode prejudicar a Universidade Estadual do Piau&amp;iacute; (UESPI) e a carreira docente superior no Estado.&lt;/p&gt;\r\n\r\n&lt;h2 style=&quot;text-align: justify;&quot;&gt;O Car&amp;aacute;ter Privatista da Lei 7.511/2021 e da Faculdade PIT&lt;/h2&gt;\r\n\r\n&lt;p style=&quot;text-align: justify;&quot;&gt;A Lei 7.511/2021 promove a coopera&amp;ccedil;&amp;atilde;o entre setores p&amp;uacute;blico e privado, permitindo que Institui&amp;ccedil;&amp;otilde;es Cient&amp;iacute;ficas, Tecnol&amp;oacute;gicas e de Inova&amp;ccedil;&amp;atilde;o (ICTs) p&amp;uacute;blicas, como a anunciada Faculdade PIT, compartilhem laborat&amp;oacute;rios, equipamentos e capital intelectual com empresas privadas (Art. 4&amp;ordm;). Essa disposi&amp;ccedil;&amp;atilde;o legaliza o desvio de recursos p&amp;uacute;blicos para o setor privado, colocando at&amp;eacute; mesmo estruturas e recursos humanos da UESPI e outras institui&amp;ccedil;&amp;otilde;es p&amp;uacute;blicas &amp;agrave; disposi&amp;ccedil;&amp;atilde;o de projetos voltados ao atendimento dos &amp;ldquo;grandes empreendimentos&amp;rdquo; privados.&lt;/p&gt;\r\n\r\n&lt;p style=&quot;text-align: justify;&quot;&gt;Al&amp;eacute;m disso, a lei incentiva a concess&amp;atilde;o de bolsas de est&amp;iacute;mulo &amp;agrave; inova&amp;ccedil;&amp;atilde;o para servidores, militares, empregados p&amp;uacute;blicos e alunos (Art. 8&amp;ordm;), criando uma depend&amp;ecirc;ncia de recursos tempor&amp;aacute;rios em vez de investir em pessoal efetivo com sal&amp;aacute;rios est&amp;aacute;veis. Essa pr&amp;aacute;tica precariza e desvaloriza a carreira docente, substituindo remunera&amp;ccedil;&amp;otilde;es fixas por bolsas sem seguran&amp;ccedil;a ou benef&amp;iacute;cios. A possibilidade de afastamento de pesquisadores p&amp;uacute;blicos para colaborar com a Faculdade PIT ou empresas privadas tamb&amp;eacute;m pode reduzir o corpo docente da UESPI, sobrecarregando os professores remanescentes e comprometendo o ensino, a pesquisa e a extens&amp;atilde;o.&lt;/p&gt;\r\n\r\n&lt;p style=&quot;text-align: justify;&quot;&gt;H&amp;aacute; ainda a possibilidade de a anunciada Faculdade PIT seja gerida por Organiza&amp;ccedil;&amp;otilde;es Sociais (OSs), modelo de privatiza&amp;ccedil;&amp;atilde;o da gest&amp;atilde;o p&amp;uacute;blica amplamente utilizado em unidades de sa&amp;uacute;de no Piau&amp;iacute;, sobretudo no governo Rafael.&lt;br /&gt;\r\nAs OSs tamb&amp;eacute;m resultam em terceiriza&amp;ccedil;&amp;otilde;es de contratos, dispensa de licita&amp;ccedil;&amp;otilde;es (favorecendo a corrup&amp;ccedil;&amp;atilde;o) e prioriza interesses privados, amea&amp;ccedil;ando o car&amp;aacute;ter p&amp;uacute;blico e democr&amp;aacute;tico do ensino superior.&lt;/p&gt;\r\n\r\n&lt;h2 style=&quot;text-align: justify;&quot;&gt;A Redistribui&amp;ccedil;&amp;atilde;o de Recursos P&amp;uacute;blicos e o Esvaziamento da UESPI&lt;/h2&gt;\r\n\r\n&lt;p style=&quot;text-align: justify;&quot;&gt;A &amp;ecirc;nfase em parcerias com o setor privado pode levar &amp;agrave; prioriza&amp;ccedil;&amp;atilde;o de projetos alinhados aos interesses do mercado, em detrimento de pesquisas acad&amp;ecirc;micas fundamentais e de longo prazo, essenciais para o desenvolvimento cient&amp;iacute;fico e tecnol&amp;oacute;gico do Estado, sobretudo &amp;agrave;s que deveriam ser voltadas para o desenvolvimento social da maioria da popula&amp;ccedil;&amp;atilde;o.&lt;/p&gt;\r\n\r\n&lt;p style=&quot;text-align: justify;&quot;&gt;O compartilhamento de recursos p&amp;uacute;blicos com ICTs ou empresas pode dispersar infraestrutura e for&amp;ccedil;a intelectual que, de outra forma, seriam dedicados exclusivamente &amp;agrave; UESPI. Isso pode resultar no esvaziamento de cursos e na redu&amp;ccedil;&amp;atilde;o da capacidade de inova&amp;ccedil;&amp;atilde;o e pesquisa da universidade p&amp;uacute;blica.&lt;/p&gt;\r\n\r\n&lt;h2 style=&quot;text-align: justify;&quot;&gt;Conclus&amp;atilde;o: Um Modelo que Precariza a Educa&amp;ccedil;&amp;atilde;o P&amp;uacute;blica&lt;/h2&gt;\r\n\r\n&lt;p style=&quot;text-align: justify;&quot;&gt;O an&amp;uacute;ncio de cria&amp;ccedil;&amp;atilde;o da Faculdade PIT, embora apresentada como uma iniciativa de desenvolvimento tecnol&amp;oacute;gico, carrega um car&amp;aacute;ter privatista que pode esvaziar a UESPI e precarizar a carreira docente. A Lei 7.511/2021, ao priorizar a integra&amp;ccedil;&amp;atilde;o com o setor privado, desvia recursos e aten&amp;ccedil;&amp;atilde;o das atividades acad&amp;ecirc;micas tradicionais, desvalorizando a educa&amp;ccedil;&amp;atilde;o p&amp;uacute;blica, precarizando o trabalho docente.&lt;/p&gt;\r\n\r\n&lt;p style=&quot;text-align: justify;&quot;&gt;&amp;Eacute; fundamental que o governo priorize a Uespi como institui&amp;ccedil;&amp;atilde;o capaz de promover desenvolvimento cient&amp;iacute;fico no Piau&amp;iacute;, sem o car&amp;aacute;ter privatista que se desenha com a proposta de Faculdade PIT. A educa&amp;ccedil;&amp;atilde;o p&amp;uacute;blica deve ser tratada como um direito fundamental, e n&amp;atilde;o uma ferramenta a beneficiar o grande&amp;nbsp;empresariado.&lt;/p&gt;\r\n', '1.jpg', 'A proposta de criação da Faculdade PIT e seus impactos na UESPI', 'N', 'L', '900', '640', 0, '', 0, 0, 0, 0, 0, 0, 'S'),
(10, '7,1', '3', '', '0', '0', '0', '0', '0', '0', '0', '0', '0', '0', '0', '0', '0', 'S', '2026-05-20 12:04:23', '2026-05-20 12:22:38', 'Redação', 'Eleições', 'eleições,ADCESP,UESPI', 'ADCESP se posiciona sobre as eleições para a Reitoria da UESPI em 2025', 'Em defesa da democracia e da autonomia universitária a ADCESP se posiciona', '&lt;p style=&quot;text-align: justify;&quot;&gt;O Sindicato dos Docentes da Universidade Estadual do Piau&amp;iacute; (ADCESP) reafirma seu compromisso hist&amp;oacute;rico com a defesa da democracia interna, da autonomia universit&amp;aacute;ria e do direito de participa&amp;ccedil;&amp;atilde;o ampla e livre de toda a comunidade acad&amp;ecirc;mica nos processos que definem os rumos da UESPI.&lt;/p&gt;\r\n\r\n&lt;p style=&quot;text-align: justify;&quot;&gt;Neste contexto, a ADCESP defende que as elei&amp;ccedil;&amp;otilde;es para a Reitoria da UESPI em 2025 sejam realizadas de forma ampla, transparente e democr&amp;aacute;tica, garantindo a efetiva participa&amp;ccedil;&amp;atilde;o de docentes, t&amp;eacute;cnicos e estudantes &amp;mdash; pilares fundamentais da vida universit&amp;aacute;ria.&lt;/p&gt;\r\n\r\n&lt;p style=&quot;text-align: justify;&quot;&gt;Acreditamos que um processo eleitoral leg&amp;iacute;timo deve assegurar igualdade de condi&amp;ccedil;&amp;otilde;es entre as chapas concorrentes, liberdade de escolha e respeito &amp;agrave; pluralidade de ideias. A universidade &amp;eacute;, por natureza, o espa&amp;ccedil;o do debate, da diversidade e da constru&amp;ccedil;&amp;atilde;o coletiva do conhecimento.&lt;/p&gt;\r\n\r\n&lt;p style=&quot;text-align: justify;&quot;&gt;O Sindicato manifesta, de forma clara, que n&amp;atilde;o apoiar&amp;aacute; nenhuma das chapas concorrentes neste pleito. Nossa fun&amp;ccedil;&amp;atilde;o institucional &amp;eacute; defender os direitos e interesses da categoria docente, e n&amp;atilde;o atuar como instrumento de disputa pol&amp;iacute;tico-eleitoral.&lt;/p&gt;\r\n\r\n&lt;p style=&quot;text-align: justify;&quot;&gt;No entanto, reafirmamos que todos os membros da ADCESP &amp;mdash; sejam docentes da base ou integrantes da coordena&amp;ccedil;&amp;atilde;o &amp;mdash; t&amp;ecirc;m total liberdade, direito e dever constitucional e democr&amp;aacute;tico de expressar suas opini&amp;otilde;es, escolher seus candidatos e participar ativamente das campanhas, se assim desejarem. Essa liberdade individual &amp;eacute; parte essencial da vida democr&amp;aacute;tica e deve ser respeitada em sua plenitude.&lt;/p&gt;\r\n\r\n&lt;p style=&quot;text-align: justify;&quot;&gt;Desejamos que este processo eleitoral transcorra de forma justa, &amp;eacute;tica e respeitosa, fortalecendo o compromisso de toda a comunidade universit&amp;aacute;ria com uma UESPI mais democr&amp;aacute;tica, participativa e comprometida com a sociedade piauiense.&lt;/p&gt;\r\n\r\n&lt;p style=&quot;text-align: justify;&quot;&gt;Que a defesa da UESPI &amp;mdash; p&amp;uacute;blica, aut&amp;ocirc;noma e de qualidade &amp;mdash; seja a verdadeira vencedora dessas elei&amp;ccedil;&amp;otilde;es.&lt;/p&gt;\r\n\r\n&lt;p style=&quot;text-align: justify;&quot;&gt;??&lt;br /&gt;\r\nADCESP &amp;ndash; Se&amp;ccedil;&amp;atilde;o Sindical do ANDES-SN&lt;br /&gt;\r\nEm defesa da UESPI, da democracia e dos direitos docentes.&lt;/p&gt;\r\n', '3.jpg', 'Eleições para a Reitoria da UESPI em 2025', 'N', 'L', '900', '640', 0, '', 0, 0, 0, 0, 0, 0, 'S'),
(11, '1', '24', '', '0', '0', '0', '0', '0', '0', '0', '0', '0', '0', '0', '0', '0', 'S', '2026-05-20 12:11:16', '2026-05-20 12:11:16', 'Redação', 'Conquistas', 'greve,conquistas', 'Veja as conquistas da nossa greve!', '', '&lt;p&gt;&lt;img alt=&quot;&quot; height=&quot;664&quot; src=&quot;/controle/arquivos/imagens/1(1).jpg&quot; width=&quot;1026&quot; /&gt;&lt;/p&gt;\r\n\r\n&lt;p&gt;&lt;img alt=&quot;&quot; height=&quot;680&quot; src=&quot;/controle/arquivos/imagens/2(2).jpg&quot; width=&quot;1026&quot; /&gt;&lt;/p&gt;\r\n', '2.jpg', '', 'N', 'L', '900', '640', 0, '', 0, 0, 0, 0, 0, 0, 'S'),
(12, '1', '3', '', '0', '0', '0', '0', '0', '0', '0', '0', '0', '0', '0', '0', '0', 'S', '2026-05-20 12:26:04', '2026-05-20 15:52:07', 'Redação', 'Notas', 'notas públicas', 'Espaço para as notas públicas de interesse, comunicados oficiais', '', '&lt;p style=&quot;text-align: justify;&quot;&gt;Esta editoria &amp;eacute; o espa&amp;ccedil;o dedicado para que os associados encontrem todas as notas p&amp;uacute;blicas de interesse, comunicados oficiais e informa&amp;ccedil;&amp;otilde;es relevantes sobre a categoria, garantindo que estejam sempre bem informados.&amp;nbsp;Aqui voc&amp;ecirc; encontra todas as notas p&amp;uacute;blicas destinadas aos associados, incluindo comunicados importantes, informa&amp;ccedil;&amp;otilde;es oficiais e assuntos de interesse, de forma clara e organizada.&lt;/p&gt;\r\n', '4.jpg', 'Informativo', 'N', 'L', '900', '640', 1, '', 0, 0, 0, 0, 0, 0, 'S'),
(13, '1', '4', '', '0', '0', '0', '0', '0', '0', '0', '0', '0', '0', '0', '0', '0', 'S', '2026-05-20 12:30:44', '2026-05-20 15:51:30', 'Redação', 'Erratas', 'erratas', 'Área destinada à divulgação de erratas e correções de documentos', '', '&lt;p&gt;Esta editoria &amp;eacute; o espa&amp;ccedil;o destinado &amp;agrave; divulga&amp;ccedil;&amp;atilde;o de erratas e corre&amp;ccedil;&amp;otilde;es de documentos, comunicados e informa&amp;ccedil;&amp;otilde;es previamente publicadas. Aqui, os associados podem consultar retifica&amp;ccedil;&amp;otilde;es oficiais, garantindo acesso transparente e atualizado a todos os registros e conte&amp;uacute;dos da associa&amp;ccedil;&amp;atilde;o. Nosso objetivo &amp;eacute; manter a precis&amp;atilde;o, confiabilidade e clareza em todas as informa&amp;ccedil;&amp;otilde;es divulgadas, fortalecendo a confian&amp;ccedil;a e a comunica&amp;ccedil;&amp;atilde;o com a comunidade docente.&lt;/p&gt;\r\n', 'e63dfb1d2191481c907e2fc3097c5310.png', 'Informativo', 'N', 'L', '900', '640', 0, '', 0, 0, 0, 0, 0, 0, 'S');

-- --------------------------------------------------------

--
-- Estrutura para tabela `tb_noticias_cat`
--

CREATE TABLE IF NOT EXISTS `tb_noticias_cat` (
  `id` int NOT NULL AUTO_INCREMENT,
  `nome` varchar(255) NOT NULL DEFAULT '',
  `status` enum('S','N') NOT NULL DEFAULT 'S',
  `cor` varchar(20) NOT NULL,
  `link` varchar(255) NOT NULL,
  `descricao` varchar(255) NOT NULL,
  PRIMARY KEY (`id`),
  UNIQUE KEY `id` (`id`)
) ENGINE=MyISAM AUTO_INCREMENT=26 DEFAULT CHARSET=utf8mb3;

--
-- Despejando dados para a tabela `tb_noticias_cat`
--

INSERT INTO `tb_noticias_cat` (`id`, `nome`, `status`, `cor`, `link`, `descricao`) VALUES
(1, 'Local', 'S', '#2b82da', '', '<i class=\"fa fa-newspaper-o\"></i>'),
(2, 'Nacional', 'S', '#2b82da', '', '<i class=\"fa fa-map-signs\" aria-hidden=\"true\"></i>'),
(3, 'Notas Públicas', 'S', '#2b82da', '', '<i class=\"fa fa-crosshairs \"></i>'),
(4, 'Erratas', 'S', '#2b82da', '', '<i class=\"fa fa-star\"></i>'),
(21, 'Artigos', 'S', '#2b82da', '', '<i class=\"fa fa-globe\"></i>'),
(24, 'Galeria de Fotos', 'S', '#2b82da', '', '<i class=\"fa fa-photo\"></i>'),
(25, 'Educação', 'S', '#2b82da', '', '');

-- --------------------------------------------------------

--
-- Estrutura para tabela `tb_noticias_like`
--

CREATE TABLE IF NOT EXISTS `tb_noticias_like` (
  `id` int NOT NULL AUTO_INCREMENT,
  `userid` varchar(15) NOT NULL,
  `postid` int NOT NULL,
  `type` int NOT NULL,
  `timestamp` timestamp NOT NULL DEFAULT CURRENT_TIMESTAMP ON UPDATE CURRENT_TIMESTAMP,
  PRIMARY KEY (`id`),
  UNIQUE KEY `id` (`id`)
) ENGINE=MyISAM DEFAULT CHARSET=utf8mb3;

-- --------------------------------------------------------

--
-- Estrutura para tabela `tb_noticias_mun`
--

CREATE TABLE IF NOT EXISTS `tb_noticias_mun` (
  `id` int NOT NULL AUTO_INCREMENT,
  `nome` varchar(255) NOT NULL,
  `status` enum('S','N') NOT NULL DEFAULT 'S',
  `cor` varchar(20) NOT NULL,
  `link` varchar(255) NOT NULL,
  `descricao` varchar(255) NOT NULL,
  `foto` varchar(255) NOT NULL,
  PRIMARY KEY (`id`)
) ENGINE=MyISAM AUTO_INCREMENT=4 DEFAULT CHARSET=utf8mb3;

--
-- Despejando dados para a tabela `tb_noticias_mun`
--

INSERT INTO `tb_noticias_mun` (`id`, `nome`, `status`, `cor`, `link`, `descricao`, `foto`) VALUES
(1, 'Parnaíba', 'S', '#439cdb', '', '', 'ChatGPTImage4dejan.de202620_25_05.png'),
(2, 'Teresina', 'S', '#4a9702', '', '', 'b506d714730041baa3e7046500867c1f.png'),
(3, 'Cocal do Piauí', 'S', '#f9056d', '', '', '37c4f37444a54961bf61f5e67bbce259.png');

-- --------------------------------------------------------

--
-- Estrutura para tabela `tb_parceiros`
--

CREATE TABLE IF NOT EXISTS `tb_parceiros` (
  `id` int NOT NULL AUTO_INCREMENT,
  `nome` varchar(255) NOT NULL DEFAULT '',
  `data` datetime NOT NULL DEFAULT '0000-00-00 00:00:00',
  `data2` datetime NOT NULL DEFAULT '0000-00-00 00:00:00',
  `tipo` varchar(20) NOT NULL DEFAULT '',
  `formato` varchar(20) NOT NULL DEFAULT '',
  `posicao` varchar(20) NOT NULL DEFAULT '',
  `imagem` varchar(255) NOT NULL DEFAULT '',
  `url` varchar(255) NOT NULL DEFAULT '',
  `link` varchar(255) NOT NULL DEFAULT '',
  `cliques` varchar(20) NOT NULL DEFAULT '0',
  `html` blob NOT NULL,
  `status` enum('S','N') NOT NULL DEFAULT 'S',
  `pagina` varchar(255) DEFAULT NULL,
  PRIMARY KEY (`id`)
) ENGINE=MyISAM DEFAULT CHARSET=utf8mb3;

-- --------------------------------------------------------

--
-- Estrutura para tabela `tb_perguntas`
--

CREATE TABLE IF NOT EXISTS `tb_perguntas` (
  `id` int NOT NULL AUTO_INCREMENT,
  `nome` varchar(255) NOT NULL DEFAULT '',
  `texto` blob NOT NULL,
  `status` enum('S','N') NOT NULL DEFAULT 'S',
  PRIMARY KEY (`id`)
) ENGINE=MyISAM DEFAULT CHARSET=utf8mb3;

-- --------------------------------------------------------

--
-- Estrutura para tabela `tb_projetos`
--

CREATE TABLE IF NOT EXISTS `tb_projetos` (
  `id` int NOT NULL AUTO_INCREMENT,
  `id_colunista` char(4) NOT NULL,
  `id_cat` char(4) NOT NULL,
  `prioridade` varchar(25) NOT NULL DEFAULT '0',
  `data` datetime NOT NULL DEFAULT '0000-00-00 00:00:00',
  `data2` datetime NOT NULL DEFAULT '0000-00-00 00:00:00',
  `postador` longtext NOT NULL,
  `chapeu` varchar(255) NOT NULL,
  `tags` varchar(500) NOT NULL,
  `titulo` longtext NOT NULL,
  `subtitulo` longtext,
  `texto` mediumtext NOT NULL,
  `foto` varchar(255) NOT NULL,
  `descricao` longtext NOT NULL,
  `fotos_extras` enum('S','N') NOT NULL DEFAULT 'N',
  `alinhamento_foto` enum('L','R') NOT NULL DEFAULT 'L',
  `largura_foto` char(3) NOT NULL DEFAULT '250',
  `altura_foto` char(3) NOT NULL DEFAULT '',
  `visitas` int NOT NULL,
  `video` varchar(500) NOT NULL,
  `status` enum('S','N') NOT NULL DEFAULT 'S',
  PRIMARY KEY (`id`)
) ENGINE=MyISAM DEFAULT CHARSET=utf8mb3;

-- --------------------------------------------------------

--
-- Estrutura para tabela `tb_publicidades`
--

CREATE TABLE IF NOT EXISTS `tb_publicidades` (
  `id` int NOT NULL AUTO_INCREMENT,
  `nome` varchar(255) NOT NULL DEFAULT '',
  `data` datetime NOT NULL DEFAULT '0000-00-00 00:00:00',
  `data2` datetime NOT NULL DEFAULT '0000-00-00 00:00:00',
  `tipo` varchar(20) NOT NULL DEFAULT '',
  `formato` varchar(20) NOT NULL DEFAULT '',
  `posicao` varchar(20) NOT NULL DEFAULT '',
  `imagem` varchar(255) NOT NULL DEFAULT '',
  `url` varchar(255) NOT NULL DEFAULT '',
  `link` varchar(255) NOT NULL DEFAULT '',
  `cliques` varchar(20) NOT NULL DEFAULT '0',
  `html` blob NOT NULL,
  `status` enum('S','N') NOT NULL DEFAULT 'S',
  `pagina` varchar(255) DEFAULT NULL,
  PRIMARY KEY (`id`)
) ENGINE=MyISAM AUTO_INCREMENT=8 DEFAULT CHARSET=utf8mb3;

--
-- Despejando dados para a tabela `tb_publicidades`
--

INSERT INTO `tb_publicidades` (`id`, `nome`, `data`, `data2`, `tipo`, `formato`, `posicao`, `imagem`, `url`, `link`, `cliques`, `html`, `status`, `pagina`) VALUES
(1, 'Banner - Filie-se', '2073-05-18 15:32:44', '2026-05-20 09:48:05', 'imagem', '728', '1', '728x90a-20260520094817-9315.jpg', '', '', '0', '', 'S', ''),
(2, 'Canal do YouTube', '2047-05-18 15:43:00', '2026-05-18 15:43:00', 'imagem', '660', '1', 'youtube-20260518154328-7761.jpg', '', 'https://www.youtube.com/@TVADCESP', '0', '', 'S', ''),
(3, 'Nosso instagram', '2044-05-18 15:49:25', '2026-05-18 15:49:25', 'imagem', '660', '2', 'instagram-20260518154956-8548.jpg', '', 'https://www.instagram.com/adcesp/', '0', '', 'S', ''),
(5, 'Campanha - Doação de sangue', '2039-05-18 16:59:44', '2026-05-18 17:03:21', 'imagem', '285', '1', 'doe-20260518170319-1496.jpg', '', '', '0', '', 'S', ''),
(6, 'Campanha - Prevençã/mama', '2050-05-18 17:03:57', '2026-05-18 17:04:51', 'imagem', '285', '3', 'mama-20260518170450-5625.jpg', '', '', '0', '', 'S', ''),
(7, 'Jurídico', '2046-05-20 10:19:19', '2026-05-20 10:53:45', 'imagem', '285', '2', 'jud-20260520105356-8920.jpg', '', '', '0', '', 'S', '');

-- --------------------------------------------------------

--
-- Estrutura para tabela `tb_slides`
--

CREATE TABLE IF NOT EXISTS `tb_slides` (
  `id` int NOT NULL AUTO_INCREMENT,
  `chapeu` varchar(255) NOT NULL,
  `titulo` mediumtext NOT NULL,
  `subtitulo` mediumtext,
  `altura` varchar(5) NOT NULL,
  `url` varchar(500) NOT NULL,
  `foto` varchar(255) NOT NULL,
  `ordem` int NOT NULL,
  `status` enum('S','N') NOT NULL DEFAULT 'S',
  PRIMARY KEY (`id`)
) ENGINE=MyISAM DEFAULT CHARSET=latin1;

-- --------------------------------------------------------

--
-- Estrutura para tabela `tb_videos`
--

CREATE TABLE IF NOT EXISTS `tb_videos` (
  `id` int NOT NULL AUTO_INCREMENT,
  `id_colunista` char(4) NOT NULL,
  `id_cat` char(4) NOT NULL,
  `prioridade` varchar(25) NOT NULL DEFAULT '0',
  `data` datetime NOT NULL DEFAULT '0000-00-00 00:00:00',
  `data2` datetime NOT NULL DEFAULT '0000-00-00 00:00:00',
  `postador` longtext NOT NULL,
  `chapeu` varchar(255) NOT NULL,
  `tags` varchar(500) NOT NULL,
  `titulo` longtext NOT NULL,
  `subtitulo` longtext,
  `texto` mediumtext NOT NULL,
  `foto` varchar(255) NOT NULL,
  `descricao` longtext NOT NULL,
  `fotos_extras` enum('S','N') NOT NULL DEFAULT 'N',
  `alinhamento_foto` enum('L','R') NOT NULL DEFAULT 'L',
  `largura_foto` char(3) NOT NULL DEFAULT '250',
  `altura_foto` char(3) NOT NULL DEFAULT '',
  `visitas` int NOT NULL,
  `video` text NOT NULL,
  `status` enum('S','N') NOT NULL DEFAULT 'S',
  PRIMARY KEY (`id`)
) ENGINE=MyISAM AUTO_INCREMENT=5 DEFAULT CHARSET=utf8mb3;

--
-- Despejando dados para a tabela `tb_videos`
--

INSERT INTO `tb_videos` (`id`, `id_colunista`, `id_cat`, `prioridade`, `data`, `data2`, `postador`, `chapeu`, `tags`, `titulo`, `subtitulo`, `texto`, `foto`, `descricao`, `fotos_extras`, `alinhamento_foto`, `largura_foto`, `altura_foto`, `visitas`, `video`, `status`) VALUES
(1, '7', '', '', '2026-05-20 16:44:02', '2026-05-20 16:46:47', 'Redação', 'UESPI', 'UESPI,PARALISAÇÃO', 'Paralisação dos docentes da UESPI', 'A categoria atendeu ao chamando do sindicato, paralisando suas atividades e pressionando o Governo do Estado para negociar. Como deliberado em Assembleia Geral, uma comissão composta por coordenadores da ADCESP e docentes da base foi até a Secretaria de Administração, cobrar respostas para as demandas da categoria, sobretudo, no que diz respeito ao reajuste salarial e à implantação das promoções, progressões e mudanças de regime de trabalho. Perguntar', '', 'mqdefault_6s.jpg', '', 'N', 'L', '', '', 1, '&lt;iframe width=&quot;1013&quot; height=&quot;570&quot; src=&quot;https://www.youtube.com/embed/UsM5aPmA0PM&quot; title=&quot;PARALISAÇÃO DOS DOCENTES DA UESPI - 23/04/2018&quot; frameborder=&quot;0&quot; allow=&quot;accelerometer; autoplay; clipboard-write; encrypted-media; gyroscope; picture-in-picture; web-share&quot; referrerpolicy=&quot;strict-origin-when-cross-origin&quot; allowfullscreen&gt;&lt;/iframe&gt;', 'S'),
(2, '7', '', '', '2026-05-20 16:50:32', '2026-05-20 16:50:32', 'SINPOLJUSPI', 'SINPOLJUSPI', 'GREVE', 'SINPOLJUSPI declara apoio à Greve dos docentes da UESPI', 'Kleiton Holanda, presidente do SINPOLJUSPI - Sindicato dos Agentes Penitênciarios do Piauí declara apoio ao Movimento de Greve dos docentes da UESPI!', '', '2.jpg', '', 'N', 'L', '', '', 2, '&lt;iframe width=&quot;1013&quot; height=&quot;570&quot; src=&quot;https://www.youtube.com/embed/Hpz_WuxETpA&quot; title=&quot;SINPOLJUSPI declara apoio à Greve dos docentes da UESPI&quot; frameborder=&quot;0&quot; allow=&quot;accelerometer; autoplay; clipboard-write; encrypted-media; gyroscope; picture-in-picture; web-share&quot; referrerpolicy=&quot;strict-origin-when-cross-origin&quot; allowfullscreen&gt;&lt;/iframe&gt;', 'S'),
(3, '7', '', '', '2026-05-20 16:55:45', '2026-05-20 16:55:45', 'Redação', 'ASSEMBLEIA', 'ADCESP,UFSC,EAD', 'ASSEMBLEIA DA ADCESP: Prof. Dr. Mauro Titton (UFSC) fala sobre impacto da EAD no Ensino Presencial', 'm Assembleia Geral Virtual realizada dia 02 de Agosto, os docentes da Universidade Estadual do Piauí (UESPI) debateram sobre as implicações da inserção de até 40% de ensino EaD nos cursos presenciais da universidade. Convocada pela Coordenação Estadual da ADCESP – Seção Sindical dos Docentes da UESPI, a Assembleia contou ainda com participação do Prof. Dr. Mauro Titton, da Universidade Federal de Santa Catarina (UFSC), especialista no assunto.', '', '3.jpg', '', 'N', 'L', '', '', 0, '&lt;iframe width=&quot;1013&quot; height=&quot;570&quot; src=&quot;https://www.youtube.com/embed/0680DHBEEYA&quot; title=&quot;ASSEMBLEIA DA ADCESP: Prof. Dr. Mauro Titton (UFSC) fala sobre impacto da EAD no Ensino Presencial&quot; frameborder=&quot;0&quot; allow=&quot;accelerometer; autoplay; clipboard-write; encrypted-media; gyroscope; picture-in-picture; web-share&quot; referrerpolicy=&quot;strict-origin-when-cross-origin&quot; allowfullscreen&gt;&lt;/iframe&gt;', 'S'),
(4, '7', '', '', '2026-05-20 16:58:10', '2026-05-20 16:59:37', 'Redação', 'ADCESP', 'ADCESP,atuação', 'Gestão “Valorizar e Resistir” completa um ano à frente da ADCESP; veja o histórico de atuação', 'Ao completar um ano à frente da Associação dos Docentes da Universidade Estadual do Piauí (ADCESP), a gestão “ValorizAR e ResistIR” reafirma seu compromisso com a defesa da universidade pública, da valorização docente e da organização coletiva da categoria. Desde a posse, em março de 2025, o sindicato tem atuado de forma firme na mobilização da base, na defesa dos direitos dos professores e professoras e no acompanhamento permanente do cumprimento do acordo de greve firmado com o Governo do Estado. Esse período foi marcado por intensa presença política da entidade em assembleias, atos públicos, audiências institucionais, reuniões no Tribunal de Justiça e articulações na Assembleia Legislativa, fortalecendo o papel da ADCESP como voz ativa na defesa da UESPI.', '', 'vidoe.jpg', '', 'N', 'L', '', '', 1, '&lt;iframe width=&quot;1013&quot; height=&quot;570&quot; src=&quot;https://www.youtube.com/embed/sU3ybvkXP-U&quot; title=&quot;Gestão “Valorizar e Resistir” completa um ano à frente da ADCESP; veja o histórico de atuação&quot; frameborder=&quot;0&quot; allow=&quot;accelerometer; autoplay; clipboard-write; encrypted-media; gyroscope; picture-in-picture; web-share&quot; referrerpolicy=&quot;strict-origin-when-cross-origin&quot; allowfullscreen&gt;&lt;/iframe&gt;', 'S');

-- --------------------------------------------------------

--
-- Estrutura para tabela `tb_videos_cat`
--

CREATE TABLE IF NOT EXISTS `tb_videos_cat` (
  `id` int NOT NULL AUTO_INCREMENT,
  `nome` varchar(255) CHARACTER SET latin1 COLLATE latin1_swedish_ci NOT NULL,
  `status` enum('S','N') CHARACTER SET latin1 COLLATE latin1_swedish_ci NOT NULL DEFAULT 'S',
  `cor` varchar(20) CHARACTER SET latin1 COLLATE latin1_swedish_ci NOT NULL,
  `link` varchar(255) CHARACTER SET latin1 COLLATE latin1_swedish_ci NOT NULL,
  `descricao` varchar(255) CHARACTER SET latin1 COLLATE latin1_swedish_ci NOT NULL,
  PRIMARY KEY (`id`)
) ENGINE=MyISAM AUTO_INCREMENT=29 DEFAULT CHARSET=utf8mb3 COLLATE=utf8mb3_unicode_ci;

--
-- Despejando dados para a tabela `tb_videos_cat`
--

INSERT INTO `tb_videos_cat` (`id`, `nome`, `status`, `cor`, `link`, `descricao`) VALUES
(27, 'Geral', 'S', '#ff9200', '', '<i class=\"fa fa-map-signs\" aria-hidden=\"true\"></i>'),
(28, 'Local', 'S', '#004eb6', '', '<i class=\"fa fa-map-signs\" aria-hidden=\"true\"></i>');

-- --------------------------------------------------------

--
-- Estrutura para tabela `tb_visitas`
--

CREATE TABLE IF NOT EXISTS `tb_visitas` (
  `id` int NOT NULL AUTO_INCREMENT,
  `ip` varchar(15) NOT NULL DEFAULT '',
  `data` datetime NOT NULL DEFAULT '0000-00-00 00:00:00',
  `dia_semana` int NOT NULL DEFAULT '2',
  `host` varchar(255) NOT NULL DEFAULT '',
  `navegador` varchar(100) NOT NULL DEFAULT '',
  `sistema` varchar(100) NOT NULL DEFAULT '',
  `origem` varchar(50) NOT NULL DEFAULT '',
  PRIMARY KEY (`id`)
) ENGINE=MyISAM AUTO_INCREMENT=276 DEFAULT CHARSET=latin1;

--
-- Despejando dados para a tabela `tb_visitas`
--

INSERT INTO `tb_visitas` (`id`, `ip`, `data`, `dia_semana`, `host`, `navegador`, `sistema`, `origem`) VALUES
(1, '::1', '2025-12-29 21:22:37', 1, 'Leufeitosa', 'Chrome', 'Windows', 'Direto'),
(2, '::1', '2025-12-29 21:33:05', 1, 'Leufeitosa', 'Chrome', 'Windows', 'Direto'),
(3, '::1', '2025-12-29 21:43:25', 1, 'Leufeitosa', 'Chrome', 'Windows', 'Direto'),
(4, '::1', '2025-12-29 21:53:53', 1, 'Leufeitosa', 'Chrome', 'Windows', 'Direto'),
(5, '::1', '2025-12-29 22:05:53', 1, 'Leufeitosa', 'Chrome', 'Windows', 'Direto'),
(6, '::1', '2025-12-29 22:18:15', 1, 'Leufeitosa', 'Chrome', 'Windows', 'Direto'),
(7, '::1', '2025-12-30 11:09:38', 2, 'Leufeitosa', 'Chrome', 'Windows', 'Direto'),
(8, '::1', '2025-12-30 12:06:11', 2, 'Leufeitosa', 'Chrome', 'Windows', 'Direto'),
(9, '::1', '2025-12-30 12:17:13', 2, 'Leufeitosa', 'Chrome', 'Windows', 'Direto'),
(10, '::1', '2025-12-30 15:13:32', 2, 'Leufeitosa', 'Chrome', 'Windows', 'Direto'),
(11, '::1', '2025-12-30 16:13:59', 2, 'Leufeitosa', 'Chrome', 'Windows', 'Direto'),
(12, '::1', '2025-12-30 16:24:04', 2, 'Leufeitosa', 'Chrome', 'Windows', 'Direto'),
(13, '::1', '2025-12-30 16:34:07', 2, 'Leufeitosa', 'Chrome', 'Windows', 'Direto'),
(14, '::1', '2025-12-30 21:37:52', 2, 'Leufeitosa', 'Chrome', 'Windows', 'Direto'),
(15, '::1', '2025-12-30 21:48:51', 2, 'Leufeitosa', 'Chrome', 'Windows', 'Direto'),
(16, '::1', '2025-12-30 22:00:29', 2, 'Leufeitosa', 'Chrome', 'Windows', 'Direto'),
(17, '::1', '2025-12-30 22:14:06', 2, 'Leufeitosa', 'Chrome', 'Windows', 'Direto'),
(18, '::1', '2025-12-30 22:26:44', 2, 'Leufeitosa', 'Chrome', 'Windows', 'Direto'),
(19, '::1', '2025-12-30 22:37:48', 2, 'Leufeitosa', 'Chrome', 'Windows', 'Direto'),
(20, '::1', '2025-12-30 22:58:20', 2, 'Leufeitosa', 'Chrome', 'Windows', 'Direto'),
(21, '::1', '2025-12-30 23:08:36', 2, 'Leufeitosa', 'Chrome', 'Windows', 'Direto'),
(22, '::1', '2025-12-30 23:22:04', 2, 'Leufeitosa', 'Chrome', 'Windows', 'Direto'),
(23, '::1', '2025-12-30 23:34:56', 2, 'Leufeitosa', 'Chrome', 'Windows', 'Direto'),
(24, '::1', '2025-12-30 23:44:59', 2, 'Leufeitosa', 'Chrome', 'Windows', 'Direto'),
(25, '::1', '2025-12-30 23:56:37', 2, 'Leufeitosa', 'Chrome', 'Windows', 'Direto'),
(26, '::1', '2025-12-31 00:49:36', 3, 'Leufeitosa', 'Chrome', 'Windows', 'Direto'),
(27, '::1', '2025-12-31 09:06:50', 3, 'Leufeitosa', 'Chrome', 'Windows', 'Direto'),
(28, '::1', '2025-12-31 09:21:18', 3, 'Leufeitosa', 'Chrome', 'Windows', 'Direto'),
(29, '::1', '2025-12-31 09:31:20', 3, 'Leufeitosa', 'Chrome', 'Windows', 'Direto'),
(30, '::1', '2025-12-31 09:53:26', 3, 'Leufeitosa', 'Chrome', 'Windows', 'Direto'),
(31, '::1', '2025-12-31 10:03:31', 3, 'Leufeitosa', 'Chrome', 'Windows', 'Direto'),
(32, '::1', '2025-12-31 17:32:14', 3, 'Leufeitosa', 'Chrome', 'Windows', 'Direto'),
(33, '::1', '2025-12-31 17:45:52', 3, 'Leufeitosa', 'Chrome', 'Windows', 'Direto'),
(34, '::1', '2025-12-31 18:00:21', 3, 'Leufeitosa', 'Chrome', 'Windows', 'Direto'),
(35, '::1', '2025-12-31 18:11:25', 3, 'Leufeitosa', 'Chrome', 'Windows', 'Direto'),
(36, '::1', '2025-12-31 18:22:08', 3, 'Leufeitosa', 'Chrome', 'Windows', 'Direto'),
(37, '::1', '2025-12-31 18:33:03', 3, 'Leufeitosa', 'Chrome', 'Windows', 'Direto'),
(38, '::1', '2025-12-31 18:49:34', 3, 'Leufeitosa', 'Chrome', 'Windows', 'Direto'),
(39, '::1', '2025-12-31 19:00:00', 3, 'Leufeitosa', 'Chrome', 'Windows', 'Direto'),
(40, '::1', '2025-12-31 19:12:38', 3, 'Leufeitosa', 'Chrome', 'Windows', 'Direto'),
(41, '::1', '2026-01-02 21:15:53', 5, 'Leufeitosa', 'Chrome', 'Windows', 'Direto'),
(42, '::1', '2026-01-02 21:54:22', 5, 'Leufeitosa', 'Chrome', 'Windows', 'Direto'),
(43, '::1', '2026-01-02 22:05:48', 5, 'Leufeitosa', 'Chrome', 'Windows', 'Direto'),
(44, '::1', '2026-01-02 22:20:08', 5, 'Leufeitosa', 'Chrome', 'Windows', 'Direto'),
(45, '::1', '2026-01-02 22:31:00', 5, 'Leufeitosa', 'Chrome', 'Windows', 'Direto'),
(46, '::1', '2026-01-02 22:52:30', 5, 'Leufeitosa', 'Chrome', 'Windows', 'Direto'),
(47, '::1', '2026-01-03 11:49:38', 6, 'Leufeitosa', 'Chrome', 'Windows', 'Direto'),
(48, '::1', '2026-01-03 12:01:37', 6, 'Leufeitosa', 'Chrome', 'Windows', 'Direto'),
(49, '::1', '2026-01-03 12:11:45', 6, 'Leufeitosa', 'Chrome', 'Windows', 'Direto'),
(50, '::1', '2026-01-03 16:01:52', 6, 'Leufeitosa', 'Chrome', 'Windows', 'Direto'),
(51, '::1', '2026-01-03 16:12:21', 6, 'Leufeitosa', 'Chrome', 'Windows', 'Direto'),
(52, '::1', '2026-01-03 16:24:06', 6, 'Leufeitosa', 'Chrome', 'Windows', 'Direto'),
(53, '::1', '2026-01-03 16:34:23', 6, 'Leufeitosa', 'Chrome', 'Windows', 'Direto'),
(54, '::1', '2026-01-03 17:27:14', 6, 'Leufeitosa', 'Chrome', 'Windows', 'Direto'),
(55, '::1', '2026-01-03 17:43:08', 6, 'Leufeitosa', 'Chrome', 'Windows', 'Direto'),
(56, '::1', '2026-01-04 20:20:06', 0, 'Leufeitosa', 'Chrome', 'Windows', 'Direto'),
(57, '::1', '2026-01-04 20:30:38', 0, 'Leufeitosa', 'Chrome', 'Windows', 'Direto'),
(58, '::1', '2026-01-04 20:44:25', 0, 'Leufeitosa', 'Chrome', 'Windows', 'Direto'),
(59, '::1', '2026-01-07 14:36:05', 3, 'Leufeitosa', 'Chrome', 'Windows', 'Direto'),
(60, '::1', '2026-01-07 16:17:51', 3, 'Leufeitosa', 'Chrome', 'Windows', 'Direto'),
(61, '::1', '2026-01-08 17:05:48', 4, 'Leufeitosa', 'Chrome', 'Windows', 'Direto'),
(62, '::1', '2026-02-24 21:21:47', 2, 'Leufeitosa', 'Chrome', 'Windows', 'Direto'),
(63, '::1', '2026-02-25 17:02:18', 3, 'Leufeitosa', 'Chrome', 'Windows', 'Direto'),
(64, '::1', '2026-02-25 17:14:22', 3, 'Leufeitosa', 'Chrome', 'Windows', 'Direto'),
(65, '::1', '2026-02-25 17:25:11', 3, 'Leufeitosa', 'Chrome', 'Windows', 'Direto'),
(66, '::1', '2026-02-25 17:35:15', 3, 'Leufeitosa', 'Chrome', 'Windows', 'Direto'),
(67, '::1', '2026-02-26 09:24:21', 4, 'Leufeitosa', 'Chrome', 'Windows', 'Direto'),
(68, '::1', '2026-02-26 09:35:12', 4, 'Leufeitosa', 'Chrome', 'Windows', 'Direto'),
(69, '::1', '2026-02-26 10:49:55', 4, 'Leufeitosa', 'Chrome', 'Windows', 'Direto'),
(70, '::1', '2026-02-26 11:14:18', 4, 'Leufeitosa', 'Chrome', 'Windows', 'Direto'),
(71, '::1', '2026-02-26 11:36:42', 4, 'Leufeitosa', 'Chrome', 'Windows', 'Direto'),
(72, '::1', '2026-02-26 11:48:22', 4, 'Leufeitosa', 'Chrome', 'Windows', 'Direto'),
(73, '::1', '2026-02-26 11:59:48', 4, 'Leufeitosa', 'Chrome', 'Windows', 'Direto'),
(74, '::1', '2026-02-26 12:09:54', 4, 'Leufeitosa', 'Chrome', 'Windows', 'Direto'),
(75, '::1', '2026-02-26 14:22:25', 4, 'Leufeitosa', 'Chrome', 'Windows', 'Direto'),
(76, '::1', '2026-02-26 14:32:48', 4, 'Leufeitosa', 'Chrome', 'Windows', 'Direto'),
(77, '::1', '2026-02-26 14:43:14', 4, 'Leufeitosa', 'Chrome', 'Windows', 'Direto'),
(78, '::1', '2026-02-26 17:54:46', 4, 'Leufeitosa', 'Chrome', 'Windows', 'Direto'),
(79, '::1', '2026-02-26 18:31:07', 4, 'Leufeitosa', 'Chrome', 'Windows', 'Direto'),
(80, '192.168.0.152', '2026-02-26 18:40:48', 4, 'Leufeitosa.lan', 'Chrome', 'Windows', 'Direto'),
(81, '192.168.0.152', '2026-02-26 18:53:39', 4, 'Leufeitosa.lan', 'Chrome', 'Windows', 'Direto'),
(82, '::1', '2026-02-26 18:53:46', 4, 'Leufeitosa', 'Chrome', 'Windows', 'Direto'),
(83, '::1', '2026-02-26 19:34:29', 4, 'Leufeitosa', 'Chrome', 'Windows', 'Direto'),
(84, '::1', '2026-03-03 10:29:25', 2, 'Leufeitosa', 'Chrome', 'Windows', 'Direto'),
(85, '::1', '2026-03-03 10:43:43', 2, 'Leufeitosa', 'Chrome', 'Windows', 'Direto'),
(86, '::1', '2026-03-03 10:55:04', 2, 'Leufeitosa', 'Chrome', 'Windows', 'Direto'),
(87, '::1', '2026-03-03 11:06:01', 2, 'Leufeitosa', 'Chrome', 'Windows', 'Direto'),
(88, '::1', '2026-03-03 11:23:06', 2, 'Leufeitosa', 'Chrome', 'Windows', 'Direto'),
(89, '::1', '2026-03-03 11:53:18', 2, 'Leufeitosa', 'Chrome', 'Windows', 'Direto'),
(90, '::1', '2026-03-03 12:10:57', 2, 'Leufeitosa', 'Chrome', 'Windows', 'Direto'),
(91, '::1', '2026-03-03 15:29:28', 2, 'Leufeitosa', 'Chrome', 'Windows', 'Direto'),
(92, '::1', '2026-03-05 17:49:36', 4, 'Leufeitosa', 'Chrome', 'Windows', 'Direto'),
(93, '::1', '2026-03-06 14:09:23', 5, 'Leufeitosa', 'Chrome', 'Windows', 'Direto'),
(94, '::1', '2026-03-06 14:51:52', 5, 'Leufeitosa', 'Chrome', 'Windows', 'Direto'),
(95, '::1', '2026-03-06 16:50:48', 5, 'Leufeitosa', 'Chrome', 'Windows', 'Direto'),
(96, '::1', '2026-03-23 10:10:08', 1, 'Leufeitosa', 'Chrome', 'Windows', 'Direto'),
(97, '::1', '2026-03-24 11:15:48', 2, 'Leufeitosa', 'Chrome', 'Windows', 'Direto'),
(98, '::1', '2026-03-25 22:42:41', 3, 'Leufeitosa', 'Chrome', 'Windows', 'Direto'),
(99, '::1', '2026-03-27 11:06:54', 5, 'Leufeitosa', 'Chrome', 'Windows', 'Direto'),
(100, '::1', '2026-04-02 09:08:50', 4, 'Leufeitosa', 'Chrome', 'Windows', 'Direto'),
(101, '::1', '2026-04-02 09:19:41', 4, 'Leufeitosa', 'Chrome', 'Windows', 'Direto'),
(102, '::1', '2026-04-02 09:29:53', 4, 'Leufeitosa', 'Chrome', 'Windows', 'Direto'),
(103, '::1', '2026-04-02 09:43:51', 4, 'Leufeitosa', 'Chrome', 'Windows', 'Direto'),
(104, '127.0.0.1', '2026-04-02 09:48:09', 4, 'Leufeitosa', 'Chrome', 'Windows', 'Direto'),
(105, '::1', '2026-04-02 09:53:55', 4, 'Leufeitosa', 'Chrome', 'Windows', 'Direto'),
(106, '::1', '2026-04-02 11:11:37', 4, 'Leufeitosa', 'Chrome', 'Windows', 'Direto'),
(107, '::1', '2026-04-02 11:22:16', 4, 'Leufeitosa', 'Chrome', 'Windows', 'Direto'),
(108, '::1', '2026-04-02 11:32:45', 4, 'Leufeitosa', 'Chrome', 'Windows', 'Direto'),
(109, '::1', '2026-04-02 12:10:17', 4, 'Leufeitosa', 'Chrome', 'Windows', 'Direto'),
(110, '::1', '2026-04-02 15:30:46', 4, 'Leufeitosa', 'Chrome', 'Windows', 'Direto'),
(111, '::1', '2026-04-02 16:01:24', 4, 'Leufeitosa', 'Chrome', 'Windows', 'Direto'),
(112, '::1', '2026-04-02 16:11:54', 4, 'Leufeitosa', 'Chrome', 'Windows', 'Direto'),
(113, '::1', '2026-04-02 16:22:54', 4, 'Leufeitosa', 'Chrome', 'Windows', 'Direto'),
(114, '::1', '2026-04-02 16:33:54', 4, 'Leufeitosa', 'Chrome', 'Windows', 'Direto'),
(115, '::1', '2026-04-02 16:44:54', 4, 'Leufeitosa', 'Chrome', 'Windows', 'Direto'),
(116, '::1', '2026-04-02 17:10:22', 4, 'Leufeitosa', 'Chrome', 'Windows', 'Direto'),
(117, '::1', '2026-04-02 19:12:52', 4, 'Leufeitosa', 'Chrome', 'Windows', 'Direto'),
(118, '::1', '2026-04-03 10:31:37', 5, 'Leufeitosa', 'Chrome', 'Windows', 'Direto'),
(119, '::1', '2026-04-03 10:47:16', 5, 'Leufeitosa', 'Chrome', 'Windows', 'Direto'),
(120, '::1', '2026-04-03 11:05:54', 5, 'Leufeitosa', 'Chrome', 'Windows', 'Direto'),
(121, '::1', '2026-04-03 11:18:49', 5, 'Leufeitosa', 'Chrome', 'Windows', 'Direto'),
(122, '::1', '2026-04-11 17:44:30', 6, 'Leufeitosa', 'Chrome', 'Windows', 'Direto'),
(123, '::1', '2026-04-11 17:56:57', 6, 'Leufeitosa', 'Chrome', 'Windows', 'Direto'),
(124, '::1', '2026-04-11 18:10:29', 6, 'Leufeitosa', 'Chrome', 'Windows', 'Direto'),
(125, '::1', '2026-04-11 18:22:23', 6, 'Leufeitosa', 'Chrome', 'Windows', 'Direto'),
(126, '::1', '2026-04-11 18:34:06', 6, 'Leufeitosa', 'Chrome', 'Windows', 'Direto'),
(127, '::1', '2026-04-11 18:45:27', 6, 'Leufeitosa', 'Chrome', 'Windows', 'Direto'),
(128, '::1', '2026-04-11 18:55:56', 6, 'Leufeitosa', 'Chrome', 'Windows', 'Direto'),
(129, '::1', '2026-04-11 19:06:20', 6, 'Leufeitosa', 'Chrome', 'Windows', 'Direto'),
(130, '::1', '2026-04-11 19:42:25', 6, 'Leufeitosa', 'Chrome', 'Windows', 'Direto'),
(131, '::1', '2026-04-13 11:21:14', 1, 'Leufeitosa', 'Chrome', 'Windows', 'Direto'),
(132, '::1', '2026-05-04 11:02:45', 1, 'Leufeitosa', 'Chrome', 'Windows', 'Direto'),
(133, '::1', '2026-05-05 17:37:43', 2, 'Leufeitosa', 'Chrome', 'Windows', 'Direto'),
(134, '::1', '2026-05-05 18:42:37', 2, 'Leufeitosa', 'Chrome', 'Windows', 'Direto'),
(135, '::1', '2026-05-05 20:44:26', 2, 'Leufeitosa', 'Chrome', 'Windows', 'Direto'),
(136, '::1', '2026-05-05 20:54:32', 2, 'Leufeitosa', 'Chrome', 'Windows', 'Direto'),
(137, '::1', '2026-05-05 21:04:39', 2, 'Leufeitosa', 'Chrome', 'Windows', 'Direto'),
(138, '::1', '2026-05-05 21:15:07', 2, 'Leufeitosa', 'Chrome', 'Windows', 'Direto'),
(139, '::1', '2026-05-05 23:08:55', 2, 'Leufeitosa', 'Chrome', 'Windows', 'Direto'),
(140, '::1', '2026-05-05 23:20:01', 2, 'Leufeitosa', 'Chrome', 'Windows', 'Direto'),
(141, '::1', '2026-05-05 23:31:51', 2, 'Leufeitosa', 'Chrome', 'Windows', 'Direto'),
(142, '::1', '2026-05-05 23:45:35', 2, 'Leufeitosa', 'Chrome', 'Windows', 'Direto'),
(143, '::1', '2026-05-05 23:58:16', 2, 'Leufeitosa', 'Chrome', 'Windows', 'Direto'),
(144, '::1', '2026-05-06 00:08:44', 3, 'Leufeitosa', 'Chrome', 'Windows', 'Direto'),
(145, '::1', '2026-05-06 00:20:36', 3, 'Leufeitosa', 'Chrome', 'Windows', 'Direto'),
(146, '::1', '2026-05-06 00:32:32', 3, 'Leufeitosa', 'Chrome', 'Windows', 'Direto'),
(147, '::1', '2026-05-06 00:42:51', 3, 'Leufeitosa', 'Chrome', 'Windows', 'Direto'),
(148, '::1', '2026-05-06 00:52:59', 3, 'Leufeitosa', 'Chrome', 'Windows', 'Direto'),
(149, '::1', '2026-05-06 11:11:21', 3, 'Leufeitosa', 'Chrome', 'Windows', 'Direto'),
(150, '::1', '2026-05-06 13:15:46', 3, 'Leufeitosa', 'Chrome', 'Windows', 'Direto'),
(151, '::1', '2026-05-06 15:04:55', 3, 'Leufeitosa', 'Chrome', 'Windows', 'Direto'),
(152, '::1', '2026-05-06 15:16:54', 3, 'Leufeitosa', 'Chrome', 'Windows', 'Direto'),
(153, '::1', '2026-05-06 15:27:42', 3, 'Leufeitosa', 'Chrome', 'Windows', 'Direto'),
(154, '::1', '2026-05-06 15:38:04', 3, 'Leufeitosa', 'Chrome', 'Windows', 'Direto'),
(155, '::1', '2026-05-06 16:52:45', 3, 'Leufeitosa', 'Chrome', 'Windows', 'Direto'),
(156, '::1', '2026-05-06 17:59:04', 3, 'Leufeitosa', 'Chrome', 'Windows', 'Direto'),
(157, '::1', '2026-05-06 18:09:31', 3, 'Leufeitosa', 'Chrome', 'Windows', 'Direto'),
(158, '::1', '2026-05-06 19:15:49', 3, 'Leufeitosa', 'Chrome', 'Windows', 'Direto'),
(159, '::1', '2026-05-06 19:25:57', 3, 'Leufeitosa', 'Chrome', 'Windows', 'Direto'),
(160, '::1', '2026-05-06 19:36:37', 3, 'Leufeitosa', 'Chrome', 'Windows', 'Direto'),
(161, '::1', '2026-05-06 19:46:49', 3, 'Leufeitosa', 'Chrome', 'Windows', 'Direto'),
(162, '::1', '2026-05-06 19:57:12', 3, 'Leufeitosa', 'Chrome', 'Windows', 'Direto'),
(163, '::1', '2026-05-06 20:07:51', 3, 'Leufeitosa', 'Chrome', 'Windows', 'Direto'),
(164, '::1', '2026-05-06 20:19:04', 3, 'Leufeitosa', 'Chrome', 'Windows', 'Direto'),
(165, '::1', '2026-05-07 09:27:12', 4, 'Leufeitosa', 'Chrome', 'Windows', 'Direto'),
(166, '::1', '2026-05-07 09:48:16', 4, 'Leufeitosa', 'Chrome', 'Windows', 'Direto'),
(167, '::1', '2026-05-07 12:34:17', 4, 'Leufeitosa', 'Chrome', 'Windows', 'Direto'),
(168, '::1', '2026-05-07 12:49:14', 4, 'Leufeitosa', 'Chrome', 'Windows', 'Direto'),
(169, '::1', '2026-05-07 13:01:42', 4, 'Leufeitosa', 'Chrome', 'Windows', 'Direto'),
(170, '::1', '2026-05-07 13:15:19', 4, 'Leufeitosa', 'Chrome', 'Windows', 'Direto'),
(171, '::1', '2026-05-07 13:25:45', 4, 'Leufeitosa', 'Chrome', 'Windows', 'Direto'),
(172, '::1', '2026-05-07 13:37:24', 4, 'Leufeitosa', 'Chrome', 'Windows', 'Direto'),
(173, '::1', '2026-05-07 13:49:46', 4, 'Leufeitosa', 'Chrome', 'Windows', 'Direto'),
(174, '::1', '2026-05-07 14:01:09', 4, 'Leufeitosa', 'Chrome', 'Windows', 'Direto'),
(175, '::1', '2026-05-07 14:11:34', 4, 'Leufeitosa', 'Chrome', 'Windows', 'Direto'),
(176, '::1', '2026-05-07 17:43:27', 4, 'Leufeitosa', 'Chrome', 'Windows', 'Direto'),
(177, '::1', '2026-05-07 17:54:23', 4, 'Leufeitosa', 'Chrome', 'Windows', 'Direto'),
(178, '::1', '2026-05-07 18:06:38', 4, 'Leufeitosa', 'Chrome', 'Windows', 'Direto'),
(179, '::1', '2026-05-07 18:29:23', 4, 'Leufeitosa', 'Chrome', 'Windows', 'Direto'),
(180, '::1', '2026-05-07 19:19:47', 4, 'Leufeitosa', 'Chrome', 'Windows', 'Direto'),
(181, '::1', '2026-05-08 09:52:08', 5, 'Leufeitosa', 'Chrome', 'Windows', 'Direto'),
(182, '::1', '2026-05-11 18:10:17', 1, 'Leufeitosa', 'Chrome', 'Windows', 'Direto'),
(183, '::1', '2026-05-18 09:36:51', 1, 'Leufeitosa', 'Chrome', 'Windows', 'Direto'),
(184, '::1', '2026-05-18 09:48:52', 1, 'Leufeitosa', 'Chrome', 'Windows', 'Direto'),
(185, '::1', '2026-05-18 11:14:45', 1, 'Leufeitosa', 'Chrome', 'Windows', 'Direto'),
(186, '::1', '2026-05-18 11:56:01', 1, 'Leufeitosa', 'Chrome', 'Windows', 'Direto'),
(187, '::1', '2026-05-18 12:06:29', 1, 'Leufeitosa', 'Chrome', 'Windows', 'Direto'),
(188, '::1', '2026-05-18 14:20:22', 1, 'Leufeitosa', 'Chrome', 'Windows', 'Direto'),
(189, '::1', '2026-05-18 14:31:32', 1, 'Leufeitosa', 'Chrome', 'Windows', 'Direto'),
(190, '::1', '2026-05-18 14:43:39', 1, 'Leufeitosa', 'Chrome', 'Windows', 'Direto'),
(191, '::1', '2026-05-18 14:56:34', 1, 'Leufeitosa', 'Chrome', 'Windows', 'Direto'),
(192, '::1', '2026-05-18 15:06:54', 1, 'Leufeitosa', 'Chrome', 'Windows', 'Direto'),
(193, '::1', '2026-05-18 15:17:05', 1, 'Leufeitosa', 'Chrome', 'Windows', 'Direto'),
(194, '::1', '2026-05-18 15:33:21', 1, 'Leufeitosa', 'Chrome', 'Windows', 'Direto'),
(195, '::1', '2026-05-18 15:43:30', 1, 'Leufeitosa', 'Chrome', 'Windows', 'Direto'),
(196, '::1', '2026-05-18 16:59:33', 1, 'Leufeitosa', 'Chrome', 'Windows', 'Direto'),
(197, '::1', '2026-05-18 17:18:33', 1, 'Leufeitosa', 'Chrome', 'Windows', 'Direto'),
(198, '::1', '2026-05-18 17:30:29', 1, 'Leufeitosa', 'Chrome', 'Windows', 'Direto'),
(199, '::1', '2026-05-18 17:43:31', 1, 'Leufeitosa', 'Chrome', 'Windows', 'Direto'),
(200, '::1', '2026-05-18 17:57:44', 1, 'Leufeitosa', 'Chrome', 'Windows', 'Direto'),
(201, '::1', '2026-05-18 18:14:12', 1, 'Leufeitosa', 'Chrome', 'Windows', 'Direto'),
(202, '::1', '2026-05-18 18:25:02', 1, 'Leufeitosa', 'Chrome', 'Windows', 'Direto'),
(203, '::1', '2026-05-18 18:35:38', 1, 'Leufeitosa', 'Chrome', 'Windows', 'Direto'),
(204, '::1', '2026-05-18 19:05:13', 1, 'Leufeitosa', 'Chrome', 'Windows', 'Direto'),
(205, '::1', '2026-05-18 21:21:45', 1, 'Leufeitosa', 'Chrome', 'Windows', 'Direto'),
(206, '::1', '2026-05-18 21:34:21', 1, 'Leufeitosa', 'Chrome', 'Windows', 'Direto'),
(207, '::1', '2026-05-18 21:46:11', 1, 'Leufeitosa', 'Chrome', 'Windows', 'Direto'),
(208, '::1', '2026-05-18 22:01:42', 1, 'Leufeitosa', 'Chrome', 'Windows', 'Direto'),
(209, '::1', '2026-05-18 22:11:43', 1, 'Leufeitosa', 'Chrome', 'Windows', 'Direto'),
(210, '::1', '2026-05-18 22:21:49', 1, 'Leufeitosa', 'Chrome', 'Windows', 'Direto'),
(211, '::1', '2026-05-18 22:32:04', 1, 'Leufeitosa', 'Chrome', 'Windows', 'Direto'),
(212, '::1', '2026-05-18 22:43:10', 1, 'Leufeitosa', 'Chrome', 'Windows', 'Direto'),
(213, '::1', '2026-05-18 22:53:25', 1, 'Leufeitosa', 'Chrome', 'Windows', 'Direto'),
(214, '::1', '2026-05-18 23:09:04', 1, 'Leufeitosa', 'Chrome', 'Windows', 'Direto'),
(215, '::1', '2026-05-18 23:20:46', 1, 'Leufeitosa', 'Chrome', 'Windows', 'Direto'),
(216, '::1', '2026-05-18 23:30:48', 1, 'Leufeitosa', 'Chrome', 'Windows', 'Direto'),
(217, '::1', '2026-05-18 23:41:10', 1, 'Leufeitosa', 'Chrome', 'Windows', 'Direto'),
(218, '::1', '2026-05-18 23:51:16', 1, 'Leufeitosa', 'Chrome', 'Windows', 'Direto'),
(219, '::1', '2026-05-19 00:01:44', 2, 'Leufeitosa', 'Chrome', 'Windows', 'Direto'),
(220, '::1', '2026-05-19 00:12:50', 2, 'Leufeitosa', 'Chrome', 'Windows', 'Direto'),
(221, '::1', '2026-05-19 08:59:43', 2, 'Leufeitosa', 'Chrome', 'Windows', 'Direto'),
(222, '::1', '2026-05-19 09:18:50', 2, 'Leufeitosa', 'Chrome', 'Windows', 'Direto'),
(223, '::1', '2026-05-19 09:29:02', 2, 'Leufeitosa', 'Chrome', 'Windows', 'Direto'),
(224, '::1', '2026-05-19 09:41:02', 2, 'Leufeitosa', 'Chrome', 'Windows', 'Direto'),
(225, '::1', '2026-05-19 09:52:31', 2, 'Leufeitosa', 'Chrome', 'Windows', 'Direto'),
(226, '::1', '2026-05-19 10:20:49', 2, 'Leufeitosa', 'Chrome', 'Windows', 'Direto'),
(227, '::1', '2026-05-19 10:31:43', 2, 'Leufeitosa', 'Chrome', 'Windows', 'Direto'),
(228, '::1', '2026-05-19 10:41:44', 2, 'Leufeitosa', 'Chrome', 'Windows', 'Direto'),
(229, '::1', '2026-05-19 10:51:55', 2, 'Leufeitosa', 'Chrome', 'Windows', 'Direto'),
(230, '::1', '2026-05-19 11:25:49', 2, 'Leufeitosa', 'Chrome', 'Windows', 'Direto'),
(231, '::1', '2026-05-19 11:55:45', 2, 'Leufeitosa', 'Chrome', 'Windows', 'Direto'),
(232, '::1', '2026-05-19 12:11:49', 2, 'Leufeitosa', 'Chrome', 'Windows', 'Direto'),
(233, '::1', '2026-05-19 12:21:51', 2, 'Leufeitosa', 'Chrome', 'Windows', 'Direto'),
(234, '::1', '2026-05-19 21:49:33', 2, 'Leufeitosa', 'Chrome', 'Windows', 'Direto'),
(235, '::1', '2026-05-19 22:00:09', 2, 'Leufeitosa', 'Chrome', 'Windows', 'Direto'),
(236, '::1', '2026-05-19 22:12:59', 2, 'Leufeitosa', 'Chrome', 'Windows', 'Direto'),
(237, '::1', '2026-05-19 22:23:15', 2, 'Leufeitosa', 'Chrome', 'Windows', 'Direto'),
(238, '::1', '2026-05-19 22:34:26', 2, 'Leufeitosa', 'Chrome', 'Windows', 'Direto'),
(239, '::1', '2026-05-19 22:54:42', 2, 'Leufeitosa', 'Chrome', 'Windows', 'Direto'),
(240, '::1', '2026-05-19 23:08:38', 2, 'Leufeitosa', 'Chrome', 'Windows', 'Direto'),
(241, '::1', '2026-05-19 23:18:53', 2, 'Leufeitosa', 'Chrome', 'Windows', 'Direto'),
(242, '::1', '2026-05-19 23:30:06', 2, 'Leufeitosa', 'Chrome', 'Windows', 'Direto'),
(243, '::1', '2026-05-19 23:40:23', 2, 'Leufeitosa', 'Chrome', 'Windows', 'Direto'),
(244, '::1', '2026-05-20 00:02:38', 3, 'Leufeitosa', 'Chrome', 'Windows', 'Direto'),
(245, '::1', '2026-05-20 00:18:13', 3, 'Leufeitosa', 'Chrome', 'Windows', 'Direto'),
(246, '::1', '2026-05-20 00:28:33', 3, 'Leufeitosa', 'Chrome', 'Windows', 'Direto'),
(247, '::1', '2026-05-20 00:39:41', 3, 'Leufeitosa', 'Chrome', 'Windows', 'Direto'),
(248, '::1', '2026-05-20 00:50:07', 3, 'Leufeitosa', 'Chrome', 'Windows', 'Direto'),
(249, '::1', '2026-05-20 01:00:22', 3, 'Leufeitosa', 'Chrome', 'Windows', 'Direto'),
(250, '::1', '2026-05-20 01:10:30', 3, 'Leufeitosa', 'Chrome', 'Windows', 'Direto'),
(251, '::1', '2026-05-20 01:21:24', 3, 'Leufeitosa', 'Chrome', 'Windows', 'Direto'),
(252, '::1', '2026-05-20 09:14:10', 3, 'Leufeitosa', 'Chrome', 'Windows', 'Direto'),
(253, '::1', '2026-05-20 09:29:15', 3, 'Leufeitosa', 'Chrome', 'Windows', 'Direto'),
(254, '::1', '2026-05-20 09:48:19', 3, 'Leufeitosa', 'Chrome', 'Windows', 'Direto'),
(255, '::1', '2026-05-20 10:19:47', 3, 'Leufeitosa', 'Chrome', 'Windows', 'Direto'),
(256, '::1', '2026-05-20 10:29:56', 3, 'Leufeitosa', 'Chrome', 'Windows', 'Direto'),
(257, '::1', '2026-05-20 10:53:59', 3, 'Leufeitosa', 'Chrome', 'Windows', 'Direto'),
(258, '::1', '2026-05-20 11:04:29', 3, 'Leufeitosa', 'Chrome', 'Windows', 'Direto'),
(259, '::1', '2026-05-20 11:16:55', 3, 'Leufeitosa', 'Chrome', 'Windows', 'Direto'),
(260, '::1', '2026-05-20 11:30:32', 3, 'Leufeitosa', 'Chrome', 'Windows', 'Direto'),
(261, '::1', '2026-05-20 11:43:13', 3, 'Leufeitosa', 'Chrome', 'Windows', 'Direto'),
(262, '::1', '2026-05-20 11:55:26', 3, 'Leufeitosa', 'Chrome', 'Windows', 'Direto'),
(263, '::1', '2026-05-20 12:07:14', 3, 'Leufeitosa', 'Chrome', 'Windows', 'Direto'),
(264, '::1', '2026-05-20 12:17:53', 3, 'Leufeitosa', 'Chrome', 'Windows', 'Direto'),
(265, '::1', '2026-05-20 12:29:22', 3, 'Leufeitosa', 'Chrome', 'Windows', 'Direto'),
(266, '::1', '2026-05-20 15:20:28', 3, 'Leufeitosa', 'Chrome', 'Windows', 'Direto'),
(267, '::1', '2026-05-20 15:30:49', 3, 'Leufeitosa', 'Chrome', 'Windows', 'Direto'),
(268, '::1', '2026-05-20 15:41:13', 3, 'Leufeitosa', 'Chrome', 'Windows', 'Direto'),
(269, '::1', '2026-05-20 15:51:34', 3, 'Leufeitosa', 'Chrome', 'Windows', 'Direto'),
(270, '::1', '2026-05-20 16:02:49', 3, 'Leufeitosa', 'Chrome', 'Windows', 'Direto'),
(271, '::1', '2026-05-20 16:13:07', 3, 'Leufeitosa', 'Chrome', 'Windows', 'Direto'),
(272, '::1', '2026-05-20 16:24:17', 3, 'Leufeitosa', 'Chrome', 'Windows', 'Direto'),
(273, '::1', '2026-05-20 16:36:07', 3, 'Leufeitosa', 'Chrome', 'Windows', 'Direto'),
(274, '::1', '2026-05-20 16:47:28', 3, 'Leufeitosa', 'Chrome', 'Windows', 'Direto'),
(275, '::1', '2026-05-20 17:00:15', 3, 'Leufeitosa', 'Chrome', 'Windows', 'Direto');
COMMIT;

